{"id":21954,"date":"2020-02-27T21:44:16","date_gmt":"2020-02-28T00:44:16","guid":{"rendered":"http:\/\/www.obispado-mdp.org.ar\/a\/?page_id=21954"},"modified":"2024-12-02T18:57:11","modified_gmt":"2024-12-02T21:57:11","slug":"transparencia-2","status":"publish","type":"page","link":"https:\/\/www.obispado-mdp.org.ar\/a\/transparencia-2\/","title":{"rendered":"Prevenci\u00f3n de abusos"},"content":{"rendered":"<p>[et_pb_section fb_built=\u00bb1&#8243; _builder_version=\u00bb3.22&#8243; custom_padding=\u00bb||17px|||\u00bb][et_pb_row module_class=\u00bb et_pb_row_fullwidth\u00bb _builder_version=\u00bb4.0.6&#8243; width_tablet=\u00bb80%\u00bb width_last_edited=\u00bboff|desktop\u00bb max_width=\u00bb89%\u00bb max_width_tablet=\u00bb80%\u00bb max_width_phone=\u00bb\u00bb max_width_last_edited=\u00bbon|desktop\u00bb make_fullwidth=\u00bbon\u00bb][et_pb_column type=\u00bb4_4&#8243; _builder_version=\u00bb3.25&#8243; custom_padding=\u00bb|||\u00bb custom_padding__hover=\u00bb|||\u00bb][et_pb_text _builder_version=\u00bb4.0.6&#8243; text_font=\u00bb||||||||\u00bb text_text_color=\u00bb#0196ae\u00bb header_font=\u00bb||||||||\u00bb header_text_color=\u00bb#0196ae\u00bb border_width_bottom=\u00bb3px\u00bb border_color_bottom=\u00bb#0196ae\u00bb]<\/p>\n<h1><strong>Instrumentos para prevenir el abuso sexual y violencia en la Iglesia Marplatense<\/strong><\/h1>\n<p>[\/et_pb_text][et_pb_text _builder_version=\u00bb3.27.4&#8243;]<\/p>\n<p><strong>Mons. Ernesto Giobando, Administrador Apost\u00f3lico de la Di\u00f3cesis de Mar del Plata, public\u00f3 la actualizaci\u00f3n de los instrumentos y renov\u00f3 la integraci\u00f3n de las comisiones de recepci\u00f3n de denuncias ante eventuales situaciones de abuso sexual y de poder, las que quedaron conformadas de la siguiente manera:<\/strong><\/p>\n<p>Zonas Pastorales I,II,III,V y VII (Gral Pueyrred\u00f3n, Gral Alvarado, Mar Chiquita y Balcarce): Mar\u00eda del Rosario Pombo y Guillermo Oscar Rossi<br> Zona Pastoal IV (Necochea) Nestor Pablo Serrangeli y Mar\u00eda Graciela Eylentein<br> Zona VI (Gral Madariaga) Mariangeles Heredia Dominguez<\/p>\n<p>Tambi\u00e9n fue renovada la Comisi\u00f3n de Formaci\u00f3n integrada por Mar\u00eda Cecilia Delgado, Fernando Navarra y el Pbro Fernando Mendoza que tuvieron a cargo la actualizaci\u00f3n de la GUIA PARA LA PROMOCI\u00d3N DE ENTORNOS ECLESIALES PROTEGIDOS en base a la experiencia precedente y a las normas del la Iglesia Universal al respecto. Dicha comisi\u00f3n est\u00e1 al servicio de las distintas comunidades parroquiales y educativas a fin de dar las herramientas necesarias a los agentes de pastoral para cuidar nuestros ambientes y garantizar la integridad de los ni\u00f1os, ni\u00f1as, adolescentes y adultos vulnerables<\/p>\n<p><strong>Las consultas y denuncias deber\u00e1n formalizarse a trav\u00e9s de los siguientes medios de comunicaci\u00f3n:<\/strong><br> <strong>correo electr\u00f3nico: <a href=\"mailto:recepciondedenunciasmdp@gmail.com\">recepciondedenunciasmdp@gmail.com<\/a>&nbsp;o bien por Whatsapp al&nbsp;223- 4468609.<\/strong><\/p>\n<p>[\/et_pb_text][\/et_pb_column][\/et_pb_row][et_pb_row column_structure=\u00bb1_2,1_2&#8243; module_class=\u00bb et_pb_row_fullwidth\u00bb _builder_version=\u00bb4.0.6&#8243; width_tablet=\u00bb80%\u00bb width_phone=\u00bb\u00bb width_last_edited=\u00bbon|desktop\u00bb max_width=\u00bb89%\u00bb max_width_tablet=\u00bb80%\u00bb max_width_phone=\u00bb\u00bb max_width_last_edited=\u00bbon|desktop\u00bb make_fullwidth=\u00bbon\u00bb width__hover_enabled=\u00bboff|desktop\u00bb][et_pb_column type=\u00bb1_2&#8243; _builder_version=\u00bb3.25&#8243; custom_padding=\u00bb|||\u00bb custom_padding__hover=\u00bb|||\u00bb][et_pb_text _builder_version=\u00bb4.0.6&#8243; text_line_height=\u00bb1.8em\u00bb header_line_height=\u00bb1.2em\u00bb header_3_line_height=\u00bb1.2em\u00bb]<\/p>\n<h3><strong>\u00bfQu\u00e9 es la gu\u00eda para la promoci\u00f3n de entornos eclesiales protegidos?<\/strong><\/h3>\n<p>La Gu\u00eda es un conjunto de herramientas, recomendaciones y prescripciones para la generaci\u00f3n de condiciones adecuadas a fin de prevenir y evitar situaciones de conflicto, violencia o abuso contra el ni\u00f1o, ni\u00f1a y adolescente (NNyA) o el adulto en situaci\u00f3n de vulnerabilidad (AV) en los \u00e1mbitos en que desarrollan sus actividades las comunidades pastorales e instituciones educativas en toda la di\u00f3cesis de Mar del Plata.<\/p>\n<p>La Gu\u00eda se aplicar\u00e1 sobre todos los programas, planes, proyectos, y acciones que hacen a la vida pastoral y\/o institucional de la Di\u00f3cesis, sus comunidades parroquiales y sus instituciones educativas.[\/et_pb_text][\/et_pb_column][et_pb_column type=\u00bb1_2&#8243; _builder_version=\u00bb4.0.6&#8243;][et_pb_text _builder_version=\u00bb4.0.6&#8243; header_3_line_height=\u00bb1.3em\u00bb]<\/p>\n<h3><strong>\u00bfQu\u00e9 funci\u00f3n desempe\u00f1ar\u00e1 la comisi\u00f3n de recepci\u00f3n de informes?<\/strong><\/h3>\n<p>Los integrantes de la Comisi\u00f3n tendr\u00e1n la funci\u00f3n de recibir, escuchar con empat\u00eda y contener a las personas que hubieran padecido abuso sexual o alg\u00fan tipo de violencia por parte de cl\u00e9rigos y consagrados o consagradas. Asimismo, se encargar\u00e1n de elaborar el informe detallado por el que se proceder\u00e1 al proceso investigativo correspondiente seg\u00fan la normativa establecida por la Santa Sede y la Conferencia Episcopal Argentina.<\/p>\n<p>Todos estos instrumentos, exigidos por el Papa Francisco, buscan erradicar el crimen abominable de los abusos en la Iglesia, generando espacios realmente protegidos y saludables donde se cuide a todos, seg\u00fan el mandato de Jes\u00fas en el Evangelio.[\/et_pb_text][\/et_pb_column][\/et_pb_row][et_pb_row column_structure=\u00bb1_2,1_2&#8243; module_class=\u00bb et_pb_row_fullwidth\u00bb _builder_version=\u00bb4.0.6&#8243; width_tablet=\u00bb80%\u00bb width_phone=\u00bb\u00bb width_last_edited=\u00bbon|desktop\u00bb max_width=\u00bb89%\u00bb max_width_tablet=\u00bb80%\u00bb max_width_phone=\u00bb\u00bb max_width_last_edited=\u00bbon|desktop\u00bb make_fullwidth=\u00bbon\u00bb width__hover_enabled=\u00bboff|desktop\u00bb][et_pb_column type=\u00bb1_2&#8243; _builder_version=\u00bb3.25&#8243; custom_padding=\u00bb|||\u00bb custom_padding__hover=\u00bb|||\u00bb][et_pb_blurb title=\u00bbLas consultas y denuncias se deben formalizar  en:                        recepciondedenunciasmdp@gmail.com o bien al Whatsapp: 223- 4468609.\u00bb use_icon=\u00bbon\u00bb font_icon=\u00bb%%86%%\u00bb icon_color=\u00bb#ffffff\u00bb icon_placement=\u00bbleft\u00bb use_icon_font_size=\u00bbon\u00bb icon_font_size=\u00bb91px\u00bb _builder_version=\u00bb4.0.6&#8243; header_text_color=\u00bb#ffffff\u00bb header_line_height=\u00bb1.5em\u00bb body_text_color=\u00bb#ffffff\u00bb body_link_text_color=\u00bb#ffffff\u00bb background_color=\u00bb#0196ae\u00bb background_layout=\u00bbdark\u00bb width=\u00bb100%\u00bb max_width=\u00bb100%\u00bb custom_padding=\u00bb30px|20px|30px|20px|true|true\u00bb]<\/p>\n<h4><\/h4>\n<p>[\/et_pb_blurb][\/et_pb_column][et_pb_column type=\u00bb1_2&#8243; _builder_version=\u00bb4.0.6&#8243;][et_pb_text _builder_version=\u00bb4.0.6&#8243; text_text_color=\u00bb#0196ae\u00bb header_text_color=\u00bb#0196ae\u00bb header_2_text_color=\u00bb#0196ae\u00bb header_3_text_color=\u00bb#0196ae\u00bb header_4_text_color=\u00bb#0196ae\u00bb header_5_text_color=\u00bb#0196ae\u00bb custom_padding=\u00bb||4px||false|false\u00bb border_width_bottom=\u00bb1px\u00bb border_color_bottom=\u00bb#1fd7e0&#8243;]<\/p>\n<h2>DOCUMENTOS<\/h2>\n<p>[\/et_pb_text][et_pb_blurb title=\u00bb1. Qu\u00e9 son los entornos eclesiales protegidos\u00bb url=\u00bbhttps:\/\/obispado-mdp.org.ar\/a\/wp-content\/uploads\/2020\/06\/1.-Entornos-Eclesiales-Protegidos-Di%C3%B3cesis-de-Mar-del-Plata.pdf\u00bb url_new_window=\u00bbon\u00bb use_icon=\u00bbon\u00bb font_icon=\u00bb%%72%%\u00bb icon_placement=\u00bbleft\u00bb use_icon_font_size=\u00bbon\u00bb icon_font_size=\u00bb45px\u00bb _builder_version=\u00bb4.0.6&#8243; custom_padding=\u00bb||8px||false|false\u00bb link_option_url=\u00bbhttps:\/\/obispado-mdp.org.ar\/a\/wp-content\/uploads\/2020\/06\/1.-Entornos-Eclesiales-Protegidos-Di%C3%B3cesis-de-Mar-del-Plata.pdf\u00bb link_option_url_new_window=\u00bbon\u00bb border_width_bottom=\u00bb1px\u00bb border_color_bottom=\u00bb#1fd7e0&#8243;]<a href=\"https:\/\/obispado-mdp.org.ar\/a\/1-entornos-eclesiales-protegidos-diocesis-de-mar-del-plata\/\" rel=\"attachment wp-att-21950\">DESCARGAR DOCUMENTO &gt;<\/a>[\/et_pb_blurb][et_pb_blurb title=\u00bb3. Instructivo para la aplicaci\u00f3n de la guia\u00bb url_new_window=\u00bbon\u00bb use_icon=\u00bbon\u00bb font_icon=\u00bb%%72%%\u00bb icon_placement=\u00bbleft\u00bb use_icon_font_size=\u00bbon\u00bb icon_font_size=\u00bb45px\u00bb _builder_version=\u00bb4.0.6&#8243; custom_padding=\u00bb||8px||false|false\u00bb link_option_url=\u00bbhttps:\/\/obispado-mdp.org.ar\/a\/wp-content\/uploads\/2020\/06\/3.-INSTRUCTIVO-DE-LA-GUIA-decreto-32-2020.pdf\u00bb link_option_url_new_window=\u00bbon\u00bb border_width_bottom=\u00bb1px\u00bb border_color_bottom=\u00bb#1fd7e0&#8243;]<a href=\"https:\/\/obispado-mdp.org.ar\/a\/wp-content\/uploads\/2020\/06\/3.-INSTRUCTIVO-DE-LA-GUIA-decreto-32-2020.pdf\" target=\"_blank\" rel=\"attachment wp-att-21948 noopener noreferrer\">DESCARGAR DOCUMENTO &gt;<\/a>[\/et_pb_blurb][et_pb_blurb title=\u00bb2. Gu\u00eda sobre los entornos eclesiales protegidos\u00bb url_new_window=\u00bbon\u00bb use_icon=\u00bbon\u00bb font_icon=\u00bb%%72%%\u00bb icon_placement=\u00bbleft\u00bb use_icon_font_size=\u00bbon\u00bb icon_font_size=\u00bb45px\u00bb _builder_version=\u00bb4.0.6&#8243; custom_padding=\u00bb||8px||false|false\u00bb link_option_url=\u00bbhttps:\/\/obispado-mdp.org.ar\/a\/wp-content\/uploads\/2020\/06\/2.-GUIA-ESP-ECL-PROTEGIDOS-decreto-31-2020.pdf\u00bb link_option_url_new_window=\u00bbon\u00bb border_width_bottom=\u00bb1px\u00bb border_color_bottom=\u00bb#1fd7e0&#8243;]<a href=\"https:\/\/drive.google.com\/file\/d\/1CiO6eWPyorsGBFha-8kt17Tx249R83op\/view\" target=\"_blank\" rel=\"noopener\">DESCARGAR DOCUMENTO &gt;<\/a>[\/et_pb_blurb][\/et_pb_column][\/et_pb_row][\/et_pb_section]<\/p>\n\n\n<div class=\"wp-block-file alignright\"><a id=\"wp-block-file--media-c5a627ad-1c53-4592-8359-c8859ba100b2\" href=\"https:\/\/www.obispado-mdp.org.ar\/a\/wp-content\/uploads\/2024\/12\/PRIMER-INFORME-ANUAL-DE-LA-PONTIFICIA-COMISION-PARA-LA-PROTECCION-DE-MENORES.docx\">PRIMER-INFORME-ANUAL-DE-LA-PONTIFICIA-COMISION-PARA-LA-PROTECCION-DE-MENORES<\/a><a href=\"https:\/\/www.obispado-mdp.org.ar\/a\/wp-content\/uploads\/2024\/12\/PRIMER-INFORME-ANUAL-DE-LA-PONTIFICIA-COMISION-PARA-LA-PROTECCION-DE-MENORES.docx\" class=\"wp-block-file__button\" download aria-describedby=\"wp-block-file--media-c5a627ad-1c53-4592-8359-c8859ba100b2\">Descarga<\/a><\/div>\n","protected":false},"excerpt":{"rendered":"<p>[et_pb_section fb_built=\u00bb1&#8243; _builder_version=\u00bb3.22&#8243; custom_padding=\u00bb||17px|||\u00bb][et_pb_row module_class=\u00bb et_pb_row_fullwidth\u00bb _builder_version=\u00bb4.0.6&#8243; width_tablet=\u00bb80%\u00bb width_last_edited=\u00bboff|desktop\u00bb max_width=\u00bb89%\u00bb max_width_tablet=\u00bb80%\u00bb max_width_phone=\u00bb\u00bb max_width_last_edited=\u00bbon|desktop\u00bb make_fullwidth=\u00bbon\u00bb][et_pb_column type=\u00bb4_4&#8243; _builder_version=\u00bb3.25&#8243; custom_padding=\u00bb|||\u00bb custom_padding__hover=\u00bb|||\u00bb][et_pb_text _builder_version=\u00bb4.0.6&#8243; text_font=\u00bb||||||||\u00bb text_text_color=\u00bb#0196ae\u00bb header_font=\u00bb||||||||\u00bb header_text_color=\u00bb#0196ae\u00bb border_width_bottom=\u00bb3px\u00bb border_color_bottom=\u00bb#0196ae\u00bb] Instrumentos para prevenir el abuso sexual y violencia en la Iglesia Marplatense [\/et_pb_text][et_pb_text _builder_version=\u00bb3.27.4&#8243;] Mons. Ernesto Giobando, Administrador Apost\u00f3lico de la Di\u00f3cesis de Mar del Plata, public\u00f3 la actualizaci\u00f3n de [&hellip;]<\/p>\n","protected":false},"author":1,"featured_media":0,"parent":0,"menu_order":0,"comment_status":"closed","ping_status":"closed","template":"","meta":{"_et_pb_use_builder":"on","_et_pb_old_content":"","_et_gb_content_width":""},"aioseo_notices":[],"_links":{"self":[{"href":"https:\/\/www.obispado-mdp.org.ar\/a\/wp-json\/wp\/v2\/pages\/21954"}],"collection":[{"href":"https:\/\/www.obispado-mdp.org.ar\/a\/wp-json\/wp\/v2\/pages"}],"about":[{"href":"https:\/\/www.obispado-mdp.org.ar\/a\/wp-json\/wp\/v2\/types\/page"}],"author":[{"embeddable":true,"href":"https:\/\/www.obispado-mdp.org.ar\/a\/wp-json\/wp\/v2\/users\/1"}],"replies":[{"embeddable":true,"href":"https:\/\/www.obispado-mdp.org.ar\/a\/wp-json\/wp\/v2\/comments?post=21954"}],"version-history":[{"count":11,"href":"https:\/\/www.obispado-mdp.org.ar\/a\/wp-json\/wp\/v2\/pages\/21954\/revisions"}],"predecessor-version":[{"id":44895,"href":"https:\/\/www.obispado-mdp.org.ar\/a\/wp-json\/wp\/v2\/pages\/21954\/revisions\/44895"}],"wp:attachment":[{"href":"https:\/\/www.obispado-mdp.org.ar\/a\/wp-json\/wp\/v2\/media?parent=21954"}],"curies":[{"name":"wp","href":"https:\/\/api.w.org\/{rel}","templated":true}]}}

Prevención de abusos

<p>[et_pb_section fb_built=»1&#8243; _builder_version=»3.22&#8243; custom_padding=»||17px|||»][et_pb_row module_class=» et_pb_row_fullwidth» _builder_version=»4.0.6&#8243; width_tablet=»80%» width_last_edited=»off|desktop» max_width=»89%» max_width_tablet=»80%» max_width_phone=»» max_width_last_edited=»on|desktop» make_fullwidth=»on»][et_pb_column type=»4_4&#8243; _builder_version=»3.25&#8243; custom_padding=»|||» custom_padding__hover=»|||»][et_pb_text _builder_version=»4.0.6&#8243; text_font=»||||||||» text_text_color=»#0196ae» header_font=»||||||||» header_text_color=»#0196ae» border_width_bottom=»3px» border_color_bottom=»#0196ae»]</p>
<h1><strong>Instrumentos para prevenir el abuso sexual y violencia en la Iglesia Marplatense</strong></h1>
<p>[/et_pb_text][et_pb_text _builder_version=»3.27.4&#8243;]</p>
<p><strong>Mons. Ernesto Giobando, Administrador Apostólico de la Diócesis de Mar del Plata, publicó la actualización de los instrumentos y renovó la integración de las comisiones de recepción de denuncias ante eventuales situaciones de abuso sexual y de poder, las que quedaron conformadas de la siguiente manera:</strong></p>
<p>Zonas Pastorales I,II,III,V y VII (Gral Pueyrredón, Gral Alvarado, Mar Chiquita y Balcarce): María del Rosario Pombo y Guillermo Oscar Rossi<br> Zona Pastoal IV (Necochea) Nestor Pablo Serrangeli y María Graciela Eylentein<br> Zona VI (Gral Madariaga) Mariangeles Heredia Dominguez</p>
<p>También fue renovada la Comisión de Formación integrada por María Cecilia Delgado, Fernando Navarra y el Pbro Fernando Mendoza que tuvieron a cargo la actualización de la GUIA PARA LA PROMOCIÓN DE ENTORNOS ECLESIALES PROTEGIDOS en base a la experiencia precedente y a las normas del la Iglesia Universal al respecto. Dicha comisión está al servicio de las distintas comunidades parroquiales y educativas a fin de dar las herramientas necesarias a los agentes de pastoral para cuidar nuestros ambientes y garantizar la integridad de los niños, niñas, adolescentes y adultos vulnerables</p>
<p><strong>Las consultas y denuncias deberán formalizarse a través de los siguientes medios de comunicación:</strong><br> <strong>correo electrónico: <a href="mailto:recepciondedenunciasmdp@gmail.com">recepciondedenunciasmdp@gmail.com</a>&nbsp;o bien por Whatsapp al&nbsp;223- 4468609.</strong></p>
<p>[/et_pb_text][/et_pb_column][/et_pb_row][et_pb_row column_structure=»1_2,1_2&#8243; module_class=» et_pb_row_fullwidth» _builder_version=»4.0.6&#8243; width_tablet=»80%» width_phone=»» width_last_edited=»on|desktop» max_width=»89%» max_width_tablet=»80%» max_width_phone=»» max_width_last_edited=»on|desktop» make_fullwidth=»on» width__hover_enabled=»off|desktop»][et_pb_column type=»1_2&#8243; _builder_version=»3.25&#8243; custom_padding=»|||» custom_padding__hover=»|||»][et_pb_text _builder_version=»4.0.6&#8243; text_line_height=»1.8em» header_line_height=»1.2em» header_3_line_height=»1.2em»]</p>
<h3><strong>¿Qué es la guía para la promoción de entornos eclesiales protegidos?</strong></h3>
<p>La Guía es un conjunto de herramientas, recomendaciones y prescripciones para la generación de condiciones adecuadas a fin de prevenir y evitar situaciones de conflicto, violencia o abuso contra el niño, niña y adolescente (NNyA) o el adulto en situación de vulnerabilidad (AV) en los ámbitos en que desarrollan sus actividades las comunidades pastorales e instituciones educativas en toda la diócesis de Mar del Plata.</p>
<p>La Guía se aplicará sobre todos los programas, planes, proyectos, y acciones que hacen a la vida pastoral y/o institucional de la Diócesis, sus comunidades parroquiales y sus instituciones educativas.[/et_pb_text][/et_pb_column][et_pb_column type=»1_2&#8243; _builder_version=»4.0.6&#8243;][et_pb_text _builder_version=»4.0.6&#8243; header_3_line_height=»1.3em»]</p>
<h3><strong>¿Qué función desempeñará la comisión de recepción de informes?</strong></h3>
<p>Los integrantes de la Comisión tendrán la función de recibir, escuchar con empatía y contener a las personas que hubieran padecido abuso sexual o algún tipo de violencia por parte de clérigos y consagrados o consagradas. Asimismo, se encargarán de elaborar el informe detallado por el que se procederá al proceso investigativo correspondiente según la normativa establecida por la Santa Sede y la Conferencia Episcopal Argentina.</p>
<p>Todos estos instrumentos, exigidos por el Papa Francisco, buscan erradicar el crimen abominable de los abusos en la Iglesia, generando espacios realmente protegidos y saludables donde se cuide a todos, según el mandato de Jesús en el Evangelio.[/et_pb_text][/et_pb_column][/et_pb_row][et_pb_row column_structure=»1_2,1_2&#8243; module_class=» et_pb_row_fullwidth» _builder_version=»4.0.6&#8243; width_tablet=»80%» width_phone=»» width_last_edited=»on|desktop» max_width=»89%» max_width_tablet=»80%» max_width_phone=»» max_width_last_edited=»on|desktop» make_fullwidth=»on» width__hover_enabled=»off|desktop»][et_pb_column type=»1_2&#8243; _builder_version=»3.25&#8243; custom_padding=»|||» custom_padding__hover=»|||»][et_pb_blurb title=»Las consultas y denuncias se deben formalizar  en:                        recepciondedenunciasmdp@gmail.com o bien al Whatsapp: 223- 4468609.» use_icon=»on» font_icon=»%%86%%» icon_color=»#ffffff» icon_placement=»left» use_icon_font_size=»on» icon_font_size=»91px» _builder_version=»4.0.6&#8243; header_text_color=»#ffffff» header_line_height=»1.5em» body_text_color=»#ffffff» body_link_text_color=»#ffffff» background_color=»#0196ae» background_layout=»dark» width=»100%» max_width=»100%» custom_padding=»30px|20px|30px|20px|true|true»]</p>
<h4></h4>
<p>[/et_pb_blurb][/et_pb_column][et_pb_column type=»1_2&#8243; _builder_version=»4.0.6&#8243;][et_pb_text _builder_version=»4.0.6&#8243; text_text_color=»#0196ae» header_text_color=»#0196ae» header_2_text_color=»#0196ae» header_3_text_color=»#0196ae» header_4_text_color=»#0196ae» header_5_text_color=»#0196ae» custom_padding=»||4px||false|false» border_width_bottom=»1px» border_color_bottom=»#1fd7e0&#8243;]</p>
<h2>DOCUMENTOS</h2>
<p>[/et_pb_text][et_pb_blurb title=»1. Qué son los entornos eclesiales protegidos» url=»https://obispado-mdp.org.ar/a/wp-content/uploads/2020/06/1.-Entornos-Eclesiales-Protegidos-Di%C3%B3cesis-de-Mar-del-Plata.pdf» url_new_window=»on» use_icon=»on» font_icon=»%%72%%» icon_placement=»left» use_icon_font_size=»on» icon_font_size=»45px» _builder_version=»4.0.6&#8243; custom_padding=»||8px||false|false» link_option_url=»https://obispado-mdp.org.ar/a/wp-content/uploads/2020/06/1.-Entornos-Eclesiales-Protegidos-Di%C3%B3cesis-de-Mar-del-Plata.pdf» link_option_url_new_window=»on» border_width_bottom=»1px» border_color_bottom=»#1fd7e0&#8243;]<a href="https://obispado-mdp.org.ar/a/1-entornos-eclesiales-protegidos-diocesis-de-mar-del-plata/" rel="attachment wp-att-21950">DESCARGAR DOCUMENTO &gt;</a>[/et_pb_blurb][et_pb_blurb title=»3. Instructivo para la aplicación de la guia» url_new_window=»on» use_icon=»on» font_icon=»%%72%%» icon_placement=»left» use_icon_font_size=»on» icon_font_size=»45px» _builder_version=»4.0.6&#8243; custom_padding=»||8px||false|false» link_option_url=»https://obispado-mdp.org.ar/a/wp-content/uploads/2020/06/3.-INSTRUCTIVO-DE-LA-GUIA-decreto-32-2020.pdf» link_option_url_new_window=»on» border_width_bottom=»1px» border_color_bottom=»#1fd7e0&#8243;]<a href="https://obispado-mdp.org.ar/a/wp-content/uploads/2020/06/3.-INSTRUCTIVO-DE-LA-GUIA-decreto-32-2020.pdf" target="_blank" rel="attachment wp-att-21948 noopener noreferrer">DESCARGAR DOCUMENTO &gt;</a>[/et_pb_blurb][et_pb_blurb title=»2. Guía sobre los entornos eclesiales protegidos» url_new_window=»on» use_icon=»on» font_icon=»%%72%%» icon_placement=»left» use_icon_font_size=»on» icon_font_size=»45px» _builder_version=»4.0.6&#8243; custom_padding=»||8px||false|false» link_option_url=»https://obispado-mdp.org.ar/a/wp-content/uploads/2020/06/2.-GUIA-ESP-ECL-PROTEGIDOS-decreto-31-2020.pdf» link_option_url_new_window=»on» border_width_bottom=»1px» border_color_bottom=»#1fd7e0&#8243;]<a href="https://drive.google.com/file/d/1CiO6eWPyorsGBFha-8kt17Tx249R83op/view" target="_blank" rel="noopener">DESCARGAR DOCUMENTO &gt;</a>[/et_pb_blurb][/et_pb_column][/et_pb_row][/et_pb_section]</p>


<div class="wp-block-file alignright"><a id="wp-block-file--media-c5a627ad-1c53-4592-8359-c8859ba100b2" href="https://www.obispado-mdp.org.ar/a/wp-content/uploads/2024/12/PRIMER-INFORME-ANUAL-DE-LA-PONTIFICIA-COMISION-PARA-LA-PROTECCION-DE-MENORES.docx">PRIMER-INFORME-ANUAL-DE-LA-PONTIFICIA-COMISION-PARA-LA-PROTECCION-DE-MENORES</a><a href="https://www.obispado-mdp.org.ar/a/wp-content/uploads/2024/12/PRIMER-INFORME-ANUAL-DE-LA-PONTIFICIA-COMISION-PARA-LA-PROTECCION-DE-MENORES.docx" class="wp-block-file__button" download aria-describedby="wp-block-file--media-c5a627ad-1c53-4592-8359-c8859ba100b2">Descarga</a></div>

<p>[et_pb_section fb_built=»1&#8243; _builder_version=»3.22&#8243; custom_padding=»||17px|||»][et_pb_row module_class=» et_pb_row_fullwidth» _builder_version=»4.0.6&#8243; width_tablet=»80%» width_last_edited=»off|desktop» max_width=»89%» max_width_tablet=»80%» max_width_phone=»» max_width_last_edited=»on|desktop» make_fullwidth=»on»][et_pb_column type=»4_4&#8243; _builder_version=»3.25&#8243; custom_padding=»|||» custom_padding__hover=»|||»][et_pb_text _builder_version=»4.0.6&#8243; text_font=»||||||||» text_text_color=»#0196ae» header_font=»||||||||» header_text_color=»#0196ae» border_width_bottom=»3px» border_color_bottom=»#0196ae»] Instrumentos para prevenir el abuso sexual y violencia en la Iglesia Marplatense [/et_pb_text][et_pb_text _builder_version=»3.27.4&#8243;] Mons. Ernesto Giobando, Administrador Apostólico de la Diócesis de Mar del Plata, publicó la actualización de [&hellip;]</p>
