{"id":32292,"date":"2021-06-17T18:24:32","date_gmt":"2021-06-17T21:24:32","guid":{"rendered":"https:\/\/www.obispado-mdp.org.ar\/a\/?page_id=32292"},"modified":"2025-08-11T23:48:58","modified_gmt":"2025-08-12T02:48:58","slug":"historia","status":"publish","type":"page","link":"https:\/\/www.obispado-mdp.org.ar\/a\/diocesis\/historia\/","title":{"rendered":"Historia"},"content":{"rendered":"<p>[et_pb_section fb_built=\u00bb1&#8243; inner_shadow=\u00bbon\u00bb _builder_version=\u00bb3.18.9&#8243; background_color=\u00bb#0196ae\u00bb background_image=\u00bbhttps:\/\/obispado-mdp.org.ar\/a\/wp-content\/uploads\/2020\/02\/INSTITUCIONAL-FONDO-1.jpg\u00bb parallax=\u00bbon\u00bb mix_blend_mode=\u00bbmultiply\u00bb top_divider_flip=\u00bbvertical\u00bb bottom_divider_style=\u00bbcurve\u00bb bottom_divider_color=\u00bb#0196ae\u00bb bottom_divider_height=\u00bb11px\u00bb bottom_divider_arrangement=\u00bbabove_content\u00bb global_module=\u00bb79&#8243; saved_tabs=\u00bball\u00bb locked=\u00bboff\u00bb][et_pb_row _builder_version=\u00bb3.25&#8243;][et_pb_column type=\u00bb4_4&#8243; _builder_version=\u00bb3.25&#8243; custom_padding=\u00bb|||\u00bb custom_padding__hover=\u00bb|||\u00bb][et_pb_text _builder_version=\u00bb3.27.4&#8243; header_font=\u00bb|600|||||||\u00bb header_text_color=\u00bb#ffffff\u00bb header_line_height=\u00bb0.9em\u00bb header_text_shadow_style=\u00bbpreset3&#8243;]<\/p>\n<h1 style=\"text-align: center;\">Institucional<\/h1>\n<p>[\/et_pb_text][\/et_pb_column][\/et_pb_row][\/et_pb_section][et_pb_section fb_built=\u00bb1&#8243; specialty=\u00bbon\u00bb _builder_version=\u00bb4.4.8&#8243;][et_pb_column type=\u00bb1_4&#8243; _builder_version=\u00bb3.25&#8243; custom_padding=\u00bb|||\u00bb custom_padding__hover=\u00bb|||\u00bb][et_pb_text _builder_version=\u00bb3.27.4&#8243; text_font=\u00bb||||||||\u00bb header_font=\u00bb||||||||\u00bb header_4_font=\u00bb||||||||\u00bb header_4_text_color=\u00bb#ffffff\u00bb background_color=\u00bb#0196ae\u00bb custom_margin=\u00bb0px|0px|0px|0px\u00bb custom_padding=\u00bb10px|10px|0px|20px\u00bb]<\/p>\n<h4><strong>INSTITUCIONAL<\/strong><\/h4>\n<p>[\/et_pb_text][dsm_menu title_bottom_gap=\u00bb8px\u00bb menu_id=\u00bb54&#8243; list_style_color=\u00bb#0196ae\u00bb _builder_version=\u00bb4.4.8&#8243; header_font=\u00bbGeorgia|700|||on|on||#0196ae|dotted\u00bb header_text_color=\u00bb#0196ae\u00bb background_color=\u00bbrgba(1,150,174,0.05)\u00bb custom_margin=\u00bb-10px|-10px|-10px|-10px\u00bb custom_padding=\u00bb20px|10px|10px|20px\u00bb custom_padding_last_edited=\u00bboff|desktop\u00bb][\/dsm_menu][\/et_pb_column][et_pb_column type=\u00bb3_4&#8243; specialty_columns=\u00bb3&#8243; _builder_version=\u00bb3.25&#8243; custom_padding=\u00bb|||\u00bb custom_padding__hover=\u00bb|||\u00bb][et_pb_row_inner _builder_version=\u00bb4.4.8&#8243;][et_pb_column_inner saved_specialty_column_type=\u00bb3_4&#8243; _builder_version=\u00bb4.4.8&#8243;][et_pb_text admin_label=\u00bbText\u00bb _builder_version=\u00bb3.27.4&#8243; header_font=\u00bb|700|||||||\u00bb header_text_color=\u00bb#0196ae\u00bb border_width_bottom=\u00bb1px\u00bb border_color_bottom=\u00bb#0196ae\u00bb locked=\u00bboff\u00bb]<\/p>\n<h1>Historia<\/h1>\n<p>[\/et_pb_text][et_pb_text _builder_version=\u00bb4.4.8&#8243;]<\/p>\n<p><strong>Creada el 11 de febrero de 1957, por la bula \u00abQuandoquidem adoranda\u00bb, de P\u00edo XII.<\/strong> Comprende, en la provincia de Buenos Aires, los partidos de Balcarce, General Alvarado, General Madariaga, General Pueyrred\u00f3n, Lober\u00eda, Mar Chiquita, Necochea, Pinamar y Villa Gessell.<\/p>\n<p>[\/et_pb_text][et_pb_image src=\u00bbhttps:\/\/www.obispado-mdp.org.ar\/a\/wp-content\/uploads\/2021\/06\/catedral-1940.jpg\u00bb title_text=\u00bbcatedral 1940&#8243; _builder_version=\u00bb4.4.8&#8243;][\/et_pb_image][\/et_pb_column_inner][\/et_pb_row_inner][et_pb_row_inner column_structure=\u00bb1_2,1_2&#8243; _builder_version=\u00bb4.4.8&#8243;][et_pb_column_inner type=\u00bb1_2&#8243; saved_specialty_column_type=\u00bb3_4&#8243; _builder_version=\u00bb4.4.8&#8243;][et_pb_text _builder_version=\u00bb4.4.8&#8243;]<\/p>\n<h4>1957-1971 | 1\u00b0 Obispo<\/h4>\n<h4><strong>Monse\u00f1or Enrique Rau<\/strong><\/h4>\n<p><strong>El primer obispo fue Mons. Enrique Rau,<\/strong> quien siendo obispo de Resistencia, el 13 de marzo de 1957 fue trasladado por P\u00edo XII a la recientemente creada di\u00f3cesis de Mar del Plata, de la<strong> que tom\u00f3 posesi\u00f3n el 22 de junio de ese a\u00f1o y la gobern\u00f3 hasta su fallecimiento ocurrido el 20 de agosto de 1971.<\/strong>[\/et_pb_text][\/et_pb_column_inner][et_pb_column_inner type=\u00bb1_2&#8243; saved_specialty_column_type=\u00bb3_4&#8243; _builder_version=\u00bb4.4.8&#8243;][et_pb_text _builder_version=\u00bb4.4.8&#8243;]<div id=\"attachment_32294\" style=\"width: 189px\" class=\"wp-caption alignnone\"><img aria-describedby=\"caption-attachment-32294\" loading=\"lazy\" src=\"https:\/\/www.obispado-mdp.org.ar\/a\/wp-content\/uploads\/2021\/06\/rau-179x300.jpeg\" alt=\"Monse\u00f1or Rau\" class=\"wp-image-32294 size-medium\" width=\"179\" height=\"300\" \/><p id=\"caption-attachment-32294\" class=\"wp-caption-text\">Mons. Enrique Rau<\/p><\/div>[\/et_pb_text][\/et_pb_column_inner][\/et_pb_row_inner][et_pb_row_inner column_structure=\u00bb1_2,1_2&#8243; _builder_version=\u00bb4.4.8&#8243;][et_pb_column_inner type=\u00bb1_2&#8243; saved_specialty_column_type=\u00bb3_4&#8243; _builder_version=\u00bb4.4.8&#8243;][et_pb_text _builder_version=\u00bb4.4.8&#8243;]<\/p>\n<h4>1972-1975 | 2\u00b0 Obispo<strong> <\/strong><\/h4>\n<h4><strong>Monse\u00f1or Eduardo Francisco Pironio<\/strong><\/h4>\n<p>Al d\u00eda siguiente de la muerte de Mons. Rau, el 21 de agosto Pablo VI desig\u00f3 Administrador Apost\u00f3lico al arzobispo de La Plata, Mons. Antonio Jos\u00e9 Plaza, quien entreg\u00f3 el gobierno pastoral marplatense al segundo obispo diocesano, <strong>Mons. Eduardo Francisco Pironio.<\/strong> Este, siendo obispo auxiliar de La Plata, el 17 de abril de 1972 fue trasladado por Pablo VI a la sede episcopal de Mar del Plata, de la que tom\u00f3 posesi\u00f3n <strong>el 26 de mayo de 1972<\/strong>. El 20 de setiembre de 1975 el mismo Pont\u00edfice lo traslad\u00f3 a la Curia Romana design\u00e1ndolo Pro-prefecto de la Congregaci\u00f3n para los Religiosos y los Institutos Seculares.[\/et_pb_text][\/et_pb_column_inner][et_pb_column_inner type=\u00bb1_2&#8243; saved_specialty_column_type=\u00bb3_4&#8243; _builder_version=\u00bb4.4.8&#8243;][et_pb_text _builder_version=\u00bb4.4.8&#8243;]<div id=\"attachment_32297\" style=\"width: 210px\" class=\"wp-caption alignnone\"><img aria-describedby=\"caption-attachment-32297\" loading=\"lazy\" src=\"https:\/\/www.obispado-mdp.org.ar\/a\/wp-content\/uploads\/2021\/06\/pironio2.jpeg\" alt=\"\" class=\"wp-image-32297 size-full\" width=\"198\" height=\"254\" \/><p id=\"caption-attachment-32297\" class=\"wp-caption-text\">Mons. Eduardo Pironio<\/p><\/div>[\/et_pb_text][\/et_pb_column_inner][\/et_pb_row_inner][et_pb_row_inner column_structure=\u00bb1_2,1_2&#8243; _builder_version=\u00bb4.4.8&#8243; custom_margin=\u00bb0px||0px||false|false\u00bb][et_pb_column_inner type=\u00bb1_2&#8243; saved_specialty_column_type=\u00bb3_4&#8243; _builder_version=\u00bb4.4.8&#8243;][et_pb_text _builder_version=\u00bb4.4.8&#8243;]<\/p>\n<h4>1976-1991 | 3\u00b0 Obispo<strong> <\/strong><\/h4>\n<h4><strong>Monse\u00f1or R\u00f3mulo Garc\u00eda<br \/><\/strong><\/h4>\n<p><strong>Tercer obispo de Mar del Plata fue Mons. R\u00f3mulo Garc\u00eda,<\/strong> quien siendo obispo auxiliar de esta sede durante el gobierno pastoral de Mons. Pironio, Pablo VI lo desig\u00f3 obispo diocesano el 19 de enero de 1976. Tom\u00f3 posesi\u00f3n el 19 de febrero de 1976. El 31 de mayo de 1991 Juan Pablo II lo promovi\u00c3\u00b3 a la sede arzobispal de Bah\u00eda Blanca.<\/p>\n<p>[\/et_pb_text][\/et_pb_column_inner][et_pb_column_inner type=\u00bb1_2&#8243; saved_specialty_column_type=\u00bb3_4&#8243; _builder_version=\u00bb4.4.8&#8243;][et_pb_text _builder_version=\u00bb4.4.8&#8243;]<div id=\"attachment_32318\" style=\"width: 210px\" class=\"wp-caption alignnone\"><img aria-describedby=\"caption-attachment-32318\" loading=\"lazy\" src=\"https:\/\/www.obispado-mdp.org.ar\/a\/wp-content\/uploads\/2021\/06\/Romulo-Garcia-205x300.jpg\" alt=\"\" class=\"wp-image-32318 size-medium\" width=\"205\" height=\"300\" \/><p id=\"caption-attachment-32318\" class=\"wp-caption-text\">Mons. R\u00f3mulo Garc\u00eda<\/p><\/div>[\/et_pb_text][\/et_pb_column_inner][\/et_pb_row_inner][et_pb_row_inner column_structure=\u00bb1_2,1_2&#8243; _builder_version=\u00bb4.4.8&#8243; custom_margin=\u00bb0px||0px||false|false\u00bb][et_pb_column_inner type=\u00bb1_2&#8243; saved_specialty_column_type=\u00bb3_4&#8243; _builder_version=\u00bb4.4.8&#8243;][et_pb_text _builder_version=\u00bb4.4.8&#8243;]<\/p>\n<h4>1991-2003 | 4\u00b0 Obispo<strong> <\/strong><\/h4>\n<h4><strong>Monse\u00f1or Jos\u00e9 Mar\u00eda Arancedo<br \/>\n<\/strong><\/h4>\n<p><strong>El cuarto obispo de Mar del Plata fue Mons. Jos\u00e9 Mar\u00eda Arancedo,<\/strong> quien siendo obispo auxiliar de Lomas de Zamora, el 19 de noviembre de 1991 fue trasladado por Juan Pablo II a la sede marplatense, de la que tom\u00f3 posesi\u00f3n el <strong>15 de diciembre de 1991<\/strong>. Fue promovido como arzobispo de Santa Fe de la Vera Cruz el 13 de febrero de 2003.[\/et_pb_text][\/et_pb_column_inner][et_pb_column_inner type=\u00bb1_2&#8243; saved_specialty_column_type=\u00bb3_4&#8243; _builder_version=\u00bb4.4.8&#8243;][et_pb_text _builder_version=\u00bb4.4.8&#8243;]<div id=\"attachment_32302\" style=\"width: 260px\" class=\"wp-caption alignnone\"><img aria-describedby=\"caption-attachment-32302\" loading=\"lazy\" src=\"https:\/\/www.obispado-mdp.org.ar\/a\/wp-content\/uploads\/2021\/06\/arancedo-300x227.jpeg\" alt=\"\" class=\"wp-image-32302 size-medium\" width=\"300\" height=\"227\" \/><p id=\"caption-attachment-32302\" class=\"wp-caption-text\">Mons. Jos\u00e9 Mar\u00eda Arancedo<\/p><\/div>[\/et_pb_text][\/et_pb_column_inner][\/et_pb_row_inner][et_pb_row_inner column_structure=\u00bb1_2,1_2&#8243; _builder_version=\u00bb4.4.8&#8243;][et_pb_column_inner type=\u00bb1_2&#8243; saved_specialty_column_type=\u00bb3_4&#8243; _builder_version=\u00bb4.4.8&#8243;][et_pb_text _builder_version=\u00bb4.4.8&#8243;]<\/p>\n<h4>2003-2011 | 5\u00b0 Obispo<strong> <\/strong><\/h4>\n<h4><strong>Monse\u00f1or Juan Alberto Puiggari<br \/><\/strong><\/h4>\n<p>El quinto obispo fue Mons. Juan Alberto Puiggari, quien siendo obispo auxiliar de Paran\u00e1, el 7 de junio de 2003 fue trasladado por Juan Pablo II a la sede de Mar del Plata, de la que tom\u00f3 posesi\u00f3n el 10 de agosto de 2003. En la Iglesia de Mar del Plata se desempe\u00f1\u00f3 como Obispo hasta noviembre de 2010, cuando fue nombrado Arzobispo de Paran\u00e1. Hasta febrero de 2011 fue Administrador Apost\u00f3lico de la Di\u00f3cesis hasta el 7 de marzo de 2011, cuando asumi\u00f3 su nuevo servicio en Paran\u00e1.<\/p>\n<p>[\/et_pb_text][\/et_pb_column_inner][et_pb_column_inner type=\u00bb1_2&#8243; saved_specialty_column_type=\u00bb3_4&#8243; _builder_version=\u00bb4.4.8&#8243;][et_pb_text _builder_version=\u00bb4.4.8&#8243;]<div id=\"attachment_32303\" style=\"width: 260px\" class=\"wp-caption alignnone\"><img aria-describedby=\"caption-attachment-32303\" loading=\"lazy\" src=\"https:\/\/www.obispado-mdp.org.ar\/a\/wp-content\/uploads\/2021\/06\/monse\u00f1or-pugari-300x226.jpeg\" alt=\"\" class=\"wp-image-32303 size-medium\" width=\"300\" height=\"226\" \/><p id=\"caption-attachment-32303\" class=\"wp-caption-text\">Mons. Juan Alberto Puiggari<\/p><\/div>[\/et_pb_text][\/et_pb_column_inner][\/et_pb_row_inner][et_pb_row_inner column_structure=\u00bb1_2,1_2&#8243; _builder_version=\u00bb4.4.8&#8243;][et_pb_column_inner type=\u00bb1_2&#8243; saved_specialty_column_type=\u00bb3_4&#8243; _builder_version=\u00bb4.4.8&#8243;][et_pb_text _builder_version=\u00bb4.4.8&#8243;]<\/p>\n<h4>2011-2017 | 6\u00b0 Obispo<strong> <\/strong><\/h4>\n<h4><strong>Monse\u00f1or Antonio Marino<br \/> <\/strong><\/h4>\n<p>El sexto obispo fue Mons. Antonio Marino, fue designado Obispo de Mar del Plata el 6 de abril de 2011 por el papa Benedicto XVI. Entr\u00f3 en funciones el 4 de junio de ese a\u00f1o y el 18 de julio de 2017 el papa Francisco acept\u00f3 su renuncia can\u00f3nica, presentada el 9 de marzo de 2017, poco antes de cumplir sus 75 a\u00f1os de edad.<\/p>\n<p>[\/et_pb_text][\/et_pb_column_inner][et_pb_column_inner type=\u00bb1_2&#8243; saved_specialty_column_type=\u00bb3_4&#8243; _builder_version=\u00bb4.4.8&#8243;][et_pb_text _builder_version=\u00bb4.4.8&#8243;]<div id=\"attachment_32304\" style=\"width: 260px\" class=\"wp-caption alignnone\"><img aria-describedby=\"caption-attachment-32304\" loading=\"lazy\" src=\"https:\/\/www.obispado-mdp.org.ar\/a\/wp-content\/uploads\/2021\/06\/marino-300x195.jpeg\" alt=\"\" class=\"wp-image-32304 size-medium\" width=\"300\" height=\"195\" \/><p id=\"caption-attachment-32304\" class=\"wp-caption-text\">Mons. Antonio Marino<\/p><\/div>[\/et_pb_text][\/et_pb_column_inner][\/et_pb_row_inner][et_pb_row_inner column_structure=\u00bb1_2,1_2&#8243; _builder_version=\u00bb4.4.8&#8243;][et_pb_column_inner type=\u00bb1_2&#8243; saved_specialty_column_type=\u00bb3_4&#8243; _builder_version=\u00bb4.4.8&#8243;][et_pb_text _builder_version=\u00bb4.4.8&#8243;]<\/p>\n<h4>2017-2023 | 7\u00b0 Obispo<strong> <\/strong><\/h4>\n<h4><strong>Monse\u00f1or Gabriel Mestre<br \/> <\/strong><\/h4>\n<p>Elegido obispo Mar del Plata el 18 de julio de 2017 por el papa Francisco; ordenado obispo el 26 de agosto de 2017 en la catedral de los Santos Pedro y Cecilia de Mar del Plata por Mons. Antonio Marino, obispo em\u00e9rito de la di\u00f3cesis. Tom\u00f3 posesi\u00f3n e inici\u00f3 su ministerio pastoral como s\u00e9ptimo obispo de Mar del Plata ese mismo d\u00eda. El 28 de julio de 2023, el papa Francisco lo nombr\u00f3 arzobispo de La Plata, sede de la que tom\u00f3 posesi\u00f3n el 16 de septiembre de 2023. Renunci\u00f3 el 24 de mayo de 2024.<\/p>\n<p>[\/et_pb_text][\/et_pb_column_inner][et_pb_column_inner type=\u00bb1_2&#8243; saved_specialty_column_type=\u00bb3_4&#8243; _builder_version=\u00bb4.4.8&#8243;][et_pb_text _builder_version=\u00bb4.4.8&#8243;]<div id=\"attachment_32305\" style=\"width: 260px\" class=\"wp-caption alignnone\"><img aria-describedby=\"caption-attachment-32305\" loading=\"lazy\" src=\"https:\/\/www.obispado-mdp.org.ar\/a\/wp-content\/uploads\/2021\/06\/mestre.jpg\" alt=\"\" class=\"wp-image-32305 size-full\" width=\"300\" height=\"199\" \/><p id=\"caption-attachment-32305\" class=\"wp-caption-text\">Mons. Gabriel Mestre<\/p><\/div>[\/et_pb_text][\/et_pb_column_inner][\/et_pb_row_inner][et_pb_row_inner column_structure=\u00bb1_2,1_2&#8243; _builder_version=\u00bb4.4.8&#8243;][et_pb_column_inner type=\u00bb1_2&#8243; saved_specialty_column_type=\u00bb3_4&#8243; _builder_version=\u00bb4.4.8&#8243;][et_pb_text _builder_version=\u00bb4.4.8&#8243;]<\/p>\n<h4>8\u00b0 Obispo<strong> <\/strong><\/h4>\n<h4><strong>Monse\u00f1or\u00a0 Jos\u00e9 Mar\u00eda Bali\u00f1a<br \/> <\/strong><\/h4>\n<p>Elegido obispo titular de Teudali y auxiliar de la arquidi\u00f3cesis de Buenos Aires, el 16 de enero de 2015 por el papa Francisco; fue ordenado obispo el 28 de febrero de 2015. El 21 de noviembre de 2023, el papa Francisco lo hab\u00eda nombrado obispo de Mar del Plata. Iba a tomar posesi\u00f3n de esa sede diocesana el 24 de enero de 2024, pero por razones de salud, el papa Francisco le acept\u00f3 la renuncia el 13 de diciembre de 2023. El 1 de febrero de 2025, el papa Francisco lo nombr\u00f3 obispo titular de Ubaza y auxiliar de la di\u00f3cesis de Chascom\u00fas..<\/p>\n<p>[\/et_pb_text][\/et_pb_column_inner][et_pb_column_inner type=\u00bb1_2&#8243; saved_specialty_column_type=\u00bb3_4&#8243; _builder_version=\u00bb4.4.8&#8243;][et_pb_text _builder_version=\u00bb4.4.8&#8243;]<div id=\"attachment_32305\" style=\"width: 260px\" class=\"wp-caption alignnone\"><img aria-describedby=\"caption-attachment-32305\" loading=\"lazy\" src=\"https:\/\/www.obispado-mdp.org.ar\/a\/wp-content\/uploads\/2025\/02\/1700579592439.jpg\" alt=\"\" class=\"wp-image-32305 size-full\" width=\"300\" height=\"199\" \/><p id=\"caption-attachment-32305\" class=\"wp-caption-text\">Mons. Jos\u00e9 Mar\u00eda Bali\u00f1a<\/p><\/div>[\/et_pb_text][\/et_pb_column_inner][\/et_pb_row_inner][et_pb_row_inner column_structure=\u00bb1_2,1_2&#8243; _builder_version=\u00bb4.4.8&#8243;][et_pb_column_inner type=\u00bb1_2&#8243; saved_specialty_column_type=\u00bb3_4&#8243; _builder_version=\u00bb4.4.8&#8243;][et_pb_text _builder_version=\u00bb4.4.8&#8243;]<\/p>\n<h4>Actualidad | 9\u00b0 Obispo<strong> <\/strong><\/h4>\n<h4><strong>Monse\u00f1or Ernesto Giobando s.j<\/strong><\/h4>\n<p><span>El 17 de enero de 2024 asumi\u00f3 como administrador apost\u00f3lico de Mar del Plata, mientras que el 12 de diciembre de 2024 fue nombrado por el Santo Padre Francisco como Obispo Diocesano, iniciando su ministerio en esta Sede Episcopal el 22 de febrero de 2025.\u00a0<\/span><strong>Su lema es \u201cVayan y prediquen el Evangelio\u201d,<\/strong><span>\u00a0tomado del cap\u00edtulo 16 del Evangelio seg\u00fan San Marcos.<\/span><\/p>\n<p>[\/et_pb_text][\/et_pb_column_inner][et_pb_column_inner type=\u00bb1_2&#8243; saved_specialty_column_type=\u00bb3_4&#8243; _builder_version=\u00bb4.4.8&#8243;][et_pb_text _builder_version=\u00bb4.4.8&#8243; hover_enabled=\u00bb0&#8243;]<div id=\"attachment_32305\" style=\"width: 260px\" class=\"wp-caption alignnone\"><img aria-describedby=\"caption-attachment-32305\" src=\"https:\/\/www.obispado-mdp.org.ar\/a\/wp-content\/uploads\/2025\/02\/WhatsApp-Image-2025-02-25-at-11.20.20-AM-1.jpeg\" alt=\"\" class=\"wp-image-32305 size-full\" width=\"300\" \/><p id=\"caption-attachment-32305\" class=\"wp-caption-text\">Mons. Ernesto Giobando<\/p><\/div><br \/>\n[\/et_pb_text][\/et_pb_column_inner][\/et_pb_row_inner][\/et_pb_column][\/et_pb_section][et_pb_section fb_built=\u00bb1&#8243; _builder_version=\u00bb4.4.8&#8243;][\/et_pb_section]<\/p>\n","protected":false},"excerpt":{"rendered":"<p>Creada el 11 de febrero de 1957, por la bula \u00abQuandoquidem adoranda\u00bb, de P\u00edo XII. Comprende, en la provincia de Buenos Aires, los partidos de Balcarce, General Alvarado, General Madariaga, General Pueyrred\u00f3n, Lober\u00eda, Mar Chiquita, Necochea, Pinamar y Villa Gessell.<\/p>\n","protected":false},"author":1,"featured_media":32313,"parent":62,"menu_order":0,"comment_status":"closed","ping_status":"closed","template":"","meta":{"_et_pb_use_builder":"on","_et_pb_old_content":"","_et_gb_content_width":""},"aioseo_notices":[],"_links":{"self":[{"href":"https:\/\/www.obispado-mdp.org.ar\/a\/wp-json\/wp\/v2\/pages\/32292"}],"collection":[{"href":"https:\/\/www.obispado-mdp.org.ar\/a\/wp-json\/wp\/v2\/pages"}],"about":[{"href":"https:\/\/www.obispado-mdp.org.ar\/a\/wp-json\/wp\/v2\/types\/page"}],"author":[{"embeddable":true,"href":"https:\/\/www.obispado-mdp.org.ar\/a\/wp-json\/wp\/v2\/users\/1"}],"replies":[{"embeddable":true,"href":"https:\/\/www.obispado-mdp.org.ar\/a\/wp-json\/wp\/v2\/comments?post=32292"}],"version-history":[{"count":15,"href":"https:\/\/www.obispado-mdp.org.ar\/a\/wp-json\/wp\/v2\/pages\/32292\/revisions"}],"predecessor-version":[{"id":47014,"href":"https:\/\/www.obispado-mdp.org.ar\/a\/wp-json\/wp\/v2\/pages\/32292\/revisions\/47014"}],"up":[{"embeddable":true,"href":"https:\/\/www.obispado-mdp.org.ar\/a\/wp-json\/wp\/v2\/pages\/62"}],"wp:featuredmedia":[{"embeddable":true,"href":"https:\/\/www.obispado-mdp.org.ar\/a\/wp-json\/wp\/v2\/media\/32313"}],"wp:attachment":[{"href":"https:\/\/www.obispado-mdp.org.ar\/a\/wp-json\/wp\/v2\/media?parent=32292"}],"curies":[{"name":"wp","href":"https:\/\/api.w.org\/{rel}","templated":true}]}}