{"id":40212,"date":"2023-05-08T21:00:19","date_gmt":"2023-05-09T00:00:19","guid":{"rendered":"https:\/\/www.obispado-mdp.org.ar\/a\/?page_id=40212"},"modified":"2023-05-21T22:17:24","modified_gmt":"2023-05-22T01:17:24","slug":"boletines-mons-pironio","status":"publish","type":"page","link":"https:\/\/www.obispado-mdp.org.ar\/a\/boletines-mons-pironio\/","title":{"rendered":"Boletines Mons. Pironio"},"content":{"rendered":"<p>[et_pb_section fb_built=\u00bb1&#8243; _builder_version=\u00bb4.4.8&#8243; background_image=\u00bbhttps:\/\/www.obispado-mdp.org.ar\/a\/wp-content\/uploads\/2021\/10\/catedral2.jpg\u00bb][et_pb_row _builder_version=\u00bb4.4.8&#8243;][et_pb_column type=\u00bb4_4&#8243; _builder_version=\u00bb4.4.8&#8243;][dsm_gradient_text gradient_text=\u00bbBoletines Diocesanos Hist\u00f3ricos\u00bb _builder_version=\u00bb4.4.8&#8243; header_text_align=\u00bbcenter\u00bb background_color_gradient_start=\u00bb#ffffff\u00bb][\/dsm_gradient_text][\/et_pb_column][\/et_pb_row][\/et_pb_section][et_pb_section fb_built=\u00bb1&#8243; _builder_version=\u00bb4.4.8&#8243; link_option_url_new_window=\u00bbon\u00bb][et_pb_row column_structure=\u00bb1_4,3_4&#8243; _builder_version=\u00bb4.4.8&#8243;][et_pb_column type=\u00bb1_4&#8243; _builder_version=\u00bb4.4.8&#8243;][et_pb_image src=\u00bbhttps:\/\/www.obispado-mdp.org.ar\/a\/wp-content\/uploads\/2023\/04\/PIRONIO3.png\u00bb alt=\u00bbMonse\u00f1or Rau\u00bb title_text=\u00bbPIRONIO3&#8243; align=\u00bbcenter\u00bb _builder_version=\u00bb4.4.8&#8243;][\/et_pb_image][\/et_pb_column][et_pb_column type=\u00bb3_4&#8243; _builder_version=\u00bb4.4.8&#8243;][et_pb_text _builder_version=\u00bb4.4.8&#8243; custom_margin=\u00bb||11px||false|false\u00bb custom_padding=\u00bb||0px|1px|false|false\u00bb]<\/p>\n<h1 style=\"text-align: left;\">Per\u00edodo episcopal de\u00a0<strong>Mons. Eduardo F. Pironio <\/strong><\/h1>\n<h1 style=\"text-align: left;\"><strong>(1972-1976)<\/strong><\/h1>\n<p>[\/et_pb_text][et_pb_text _builder_version=\u00bb4.4.8&#8243; text_font_size=\u00bb18px\u00bb text_line_height=\u00bb2.1em\u00bb link_option_url_new_window=\u00bbon\u00bb]<\/p>\n<p><strong><\/strong>Encuentre aqu\u00ed todos los boletines emitidos durante el per\u00edodo episcopal de Mons. Pironio<\/p>\n<p><!-- divi:paragraph {\"customFontSize\":18} -->[\/et_pb_text][et_pb_button button_url=\u00bbhttps:\/\/www.obispado-mdp.org.ar\/a\/boletines-historicos\/\u00bb button_text=\u00bbVOLVER\u00bb button_alignment=\u00bbright\u00bb _builder_version=\u00bb4.4.8&#8243; custom_button=\u00bbon\u00bb button_text_size=\u00bb15px\u00bb][\/et_pb_button][et_pb_text _builder_version=\u00bb4.4.8&#8243; hover_enabled=\u00bb0&#8243;]<\/p>\n<p>Para conocer una rese\u00f1a sobre la importancia de los Boletines y las caracter\u00edsticas de su contenido, haga click sobre el siguiente enlace &#8211; <a href=\"https:\/\/www.obispado-mdp.org.ar\/a\/wp-content\/uploads\/2023\/05\/RESENA-DE-LOS-BOLETINES-DIOCESANOS-HISTORICOS-revisado.pdf\" target=\"_blank\" rel=\"noopener noreferrer\">Ver Rese\u00f1a<\/a><\/p>\n<p>[\/et_pb_text][\/et_pb_column][\/et_pb_row][et_pb_row _builder_version=\u00bb4.4.8&#8243; link_option_url_new_window=\u00bbon\u00bb][et_pb_column type=\u00bb4_4&#8243; _builder_version=\u00bb4.4.8&#8243;][et_pb_toggle title=\u00bb1972&#8243; open=\u00bbon\u00bb icon_color=\u00bb#0c71c3&#8243; _builder_version=\u00bb4.4.8&#8243; custom_margin=\u00bb0px||0px||false|false\u00bb]<\/p>\n<p><span style=\"background-color: #ffffff; font-size: 14px; font-weight: bold;\">Revista Diocesa<\/span><strong style=\"font-size: 14px;\">na 72<\/strong><span style=\"font-size: 14px;\">\u00a0| Enero-Abril 1972 |<\/span><a href=\"https:\/\/www.obispado-mdp.org.ar\/a\/wp-content\/uploads\/2023\/05\/1972_RD_N072_EN-AB__BC_RG0069.pdf\" target=\"_blank\" rel=\"noopener noreferrer\" style=\"font-size: 14px;\"> ver-descargar<\/a><\/p>\n<p><strong><span>Revista Diocesa<\/span>na 73<\/strong>\u00a0| Mayo-Junio 1972 | <a href=\"https:\/\/www.obispado-mdp.org.ar\/a\/wp-content\/uploads\/2023\/05\/1972_RD_N073_MY-JN__BC_RG0070.pdf\" target=\"_blank\" rel=\"noopener noreferrer\">ver-descargar<\/a><\/p>\n<p><strong><span>Revista Diocesa<\/span>na 74<\/strong>\u00a0| Julio-Agosto 1972 | <a href=\"https:\/\/www.obispado-mdp.org.ar\/a\/wp-content\/uploads\/2023\/05\/1972_RD_N074_JL-AG__BC_RG0071.pdf\" target=\"_blank\" rel=\"noopener noreferrer\">ver-descargar<\/a><\/p>\n<p><strong><span>Revista Diocesa<\/span>na 75<\/strong>\u00a0| Septiembre-Octubre 1972 |<a href=\"https:\/\/www.obispado-mdp.org.ar\/a\/wp-content\/uploads\/2023\/05\/1972_RD_N075_SE-OC__BC_RG0072.pdf\" target=\"_blank\" rel=\"noopener noreferrer\"> ver-descargar<\/a><\/p>\n<p><strong><span>Revista Diocesa<\/span>na 76<\/strong>\u00a0| Noviembre-Diciembre 1972 | <a href=\"https:\/\/www.obispado-mdp.org.ar\/a\/wp-content\/uploads\/2023\/05\/1972_RD_N076_NO-DI__BC_RG0073.pdf\" target=\"_blank\" rel=\"noopener noreferrer\">ver-descargar<\/a><\/p>\n<p>[\/et_pb_toggle][et_pb_toggle title=\u00bb1973&#8243; icon_color=\u00bb#0c71c3&#8243; _builder_version=\u00bb4.4.8&#8243; custom_margin=\u00bb0px||0px||false|false\u00bb]<\/p>\n<p><strong><span>Revista Diocesa<\/span>na 77<\/strong>\u00a0| Enero-Abril 1973 | <a href=\"https:\/\/www.obispado-mdp.org.ar\/a\/wp-content\/uploads\/2023\/05\/1973_RD_N077_EN-AB__BC_RG0080.pdf\" target=\"_blank\" rel=\"noopener noreferrer\">ver-descargar<\/a><\/p>\n<p><strong><span>Revista Diocesa<\/span>na 78<\/strong>\u00a0| Mayo-Agosto 1973 | <a href=\"https:\/\/www.obispado-mdp.org.ar\/a\/wp-content\/uploads\/2023\/05\/1973_RD_N078_MY-AG__BC_RG0081.pdf\" target=\"_blank\" rel=\"noopener noreferrer\">ver-descargar<\/a><\/p>\n<p><strong><span>Revista Diocesa<\/span>na 79<\/strong>\u00a0| Septiembre-Diciembre 1973 | <a href=\"https:\/\/www.obispado-mdp.org.ar\/a\/wp-content\/uploads\/2023\/05\/1973_RD_N079_SE-DI__BC_RG0082.pdf\" target=\"_blank\" rel=\"noopener noreferrer\">ve<span style=\"background-color: #ffffff; font-size: 14px;\">r<\/span><span style=\"font-size: 14px;\">-descargar<\/span><\/a><\/p>\n<p>&nbsp;<\/p>\n<p>[\/et_pb_toggle][et_pb_toggle title=\u00bb1974&#8243; icon_color=\u00bb#0c71c3&#8243; _builder_version=\u00bb4.4.8&#8243; custom_margin=\u00bb0px||0px||false|false\u00bb]<\/p>\n<p><strong><span>Revista Diocesa<\/span>na 80<\/strong>\u00a0| Enero-Mayo 1974 |<a href=\"https:\/\/www.obispado-mdp.org.ar\/a\/wp-content\/uploads\/2023\/05\/1974_RD_N080_EN-MY__BC_RG0083.pdf\" target=\"_blank\" rel=\"noopener noreferrer\"> ver-descargar<\/a><\/p>\n<p><strong><span>Revista Diocesa<\/span>na 81<\/strong>\u00a0| Junio-Septiembre 1974 |<a href=\"https:\/\/www.obispado-mdp.org.ar\/a\/wp-content\/uploads\/2023\/05\/1974_RD_N081_JN-SE__BC_RG0084.pdf\" target=\"_blank\" rel=\"noopener noreferrer\"> ver-descargar<\/a><\/p>\n<p><strong><span>Revista Diocesa<\/span>na 82<\/strong>\u00a0| Noviembre 1974 |<a href=\"https:\/\/www.obispado-mdp.org.ar\/a\/wp-content\/uploads\/2023\/05\/1974_RD_N082_NO__BC_RG0085.pdf\" target=\"_blank\" rel=\"noopener noreferrer\"> ver-descargar<\/a><\/p>\n<p><strong><span>Revista Diocesa<\/span>na 83<\/strong>\u00a0| Diciembre 1974 &#8211; Marzo 1975 | <a href=\"https:\/\/www.obispado-mdp.org.ar\/a\/wp-content\/uploads\/2023\/05\/1974_RD_N083_DI_1975_MZ__BC_RG0086.pdf\" target=\"_blank\" rel=\"noopener noreferrer\">ver-descargar<\/a><\/p>\n<p>[\/et_pb_toggle][et_pb_toggle title=\u00bb1975&#8243; icon_color=\u00bb#0c71c3&#8243; _builder_version=\u00bb4.4.8&#8243; custom_margin=\u00bb0px||0px||false|false\u00bb]<\/p>\n<p><strong><span>Revista Diocesa<\/span>na 84<\/strong> | Abril-Agosto 1975 |<a href=\"https:\/\/www.obispado-mdp.org.ar\/a\/wp-content\/uploads\/2023\/05\/1975_RD_N084_AB-AG__BC_RG0087.pdf\" target=\"_blank\" rel=\"noopener noreferrer\">\u00a0ver-dercargar<\/a><\/p>\n<p><strong><span>Revista Diocesa<\/span>na 85<\/strong> | Septiembre 1975 &#8211; Enero 1976 | <a href=\"https:\/\/www.obispado-mdp.org.ar\/a\/wp-content\/uploads\/2023\/05\/1975_RD_N085_SE-DI_-1976_EN-MZ_BC_RG0088.pdf\" target=\"_blank\" rel=\"noopener noreferrer\">ver-descargar<\/a><\/p>\n<p>&nbsp;<\/p>\n<p>[\/et_pb_toggle][et_pb_toggle title=\u00bb1976&#8243; icon_color=\u00bb#0c71c3&#8243; _builder_version=\u00bb4.4.8&#8243; custom_margin=\u00bb0px||0px||false|false\u00bb]<\/p>\n<p><strong><span>Revista Diocesa<\/span>na 86\u00a0<\/strong> |\u00a0 Abril<strong>\u00a0<\/strong>1976 &#8211; Septiembre 1977 | <a href=\"https:\/\/www.obispado-mdp.org.ar\/a\/wp-content\/uploads\/2023\/05\/1976_RD_N086_AB_1977_SE_BC_RG0089.pdf\" target=\"_blank\" rel=\"noopener noreferrer\">ver-descargar<\/a><\/p>\n<p>[\/et_pb_toggle][\/et_pb_column][\/et_pb_row][et_pb_row _builder_version=\u00bb4.4.8&#8243;][et_pb_column type=\u00bb4_4&#8243; _builder_version=\u00bb4.4.8&#8243;][et_pb_text _builder_version=\u00bb4.4.8&#8243;]<\/p>\n<blockquote>\n<p><span style=\"color: #008080;\"><strong>Proyecto de Digitalizaci\u00f3n de Boletines Diocesanos Hist\u00f3ricos<\/strong><\/span><\/p>\n<\/blockquote>\n<p><img loading=\"lazy\" src=\"https:\/\/www.obispado-mdp.org.ar\/a\/wp-content\/uploads\/2022\/07\/achicado-300x130.jpg\" width=\"287\" height=\"124\" alt=\"\" class=\"wp-image-36820 alignleft size-medium\" \/><\/p>\n<p>El material puesto a disposici\u00f3n para su consulta web, fue preparado por la <strong>Comisi\u00f3n Diocesana de Bienes Culturales <\/strong>y enmarcado en el<strong> Proyecto de Archivos DIGITALIZACI\u00d3N DE BOLETINES DIOCESANOS HIST\u00d3RICOS.<\/strong><\/p>\n<p>Desde fines de 2021 se comenz\u00f3 a trabajar con el primer per\u00edodo episcopal (disponible en la web desde agosto de 2022), continuando con el per\u00edodo de Mons. Eduardo Francisco Pironio, segundo obispo diocesano (disponible en la web desde el 26 de mayo de 2023, fecha aniversario del inicio de su episcopado -26\/5\/1972-).<\/p>\n<p>Los objetivos del Proyecto son generar un resguardo digital, facilitar la consulta sin manipulaci\u00f3n directa, y sobre todo, permitir el acceso p\u00fablico a la informaci\u00f3n contenida en ellos, para sacerdotes, religiosos, fieles, laicos e investigadores en temas eclesi\u00e1sticos, etc.<\/p>\n<p>Previamente se ha realizado trabajo de revisi\u00f3n y limpieza del material. Las integrantes de esta tarea han sido tres voluntarias y una colaboradora t\u00e9cnica para la digitalizaci\u00f3n.<\/p>\n<ul>\n<li>Conducci\u00f3n de trabajos: Mg. Miriam Salvatierra, archiv\u00f3loga.<\/li>\n<li>Limpieza y registro de material: Ma. Amalia Parente, \u00c1ngela y Susana Pugliese<\/li>\n<li>Colaboraci\u00f3n t\u00e9cnica \u2013 Escaneo digital: Patricia Anile.<\/li>\n<li>Archivo rese\u00f1a sobre boletines per\u00edodo Mons. Pironio: Dra. Ma. Liliana Da Orden.<\/li>\n<\/ul>\n<p>[\/et_pb_text][et_pb_button button_url=\u00bbhttps:\/\/www.obispado-mdp.org.ar\/a\/boletines-historicos\/\u00bb button_text=\u00bbVOLVER\u00bb button_alignment=\u00bbright\u00bb _builder_version=\u00bb4.4.8&#8243; custom_button=\u00bbon\u00bb button_text_size=\u00bb15px\u00bb][\/et_pb_button][\/et_pb_column][\/et_pb_row][\/et_pb_section]<\/p>\n","protected":false},"excerpt":{"rendered":"<p>Encuentre aqu\u00ed todos los boletines de los obispos de la di\u00f3cesis desde 1957 hasta la fecha<\/p>\n","protected":false},"author":1,"featured_media":33694,"parent":0,"menu_order":0,"comment_status":"closed","ping_status":"closed","template":"","meta":{"_et_pb_use_builder":"on","_et_pb_old_content":"<!-- wp:paragraph {\"customFontSize\":18} -->\n<p style=\"font-size:18px\"><strong>Con un resumen cuatrimestral de la informaci\u00f3n mas importante de la di\u00f3cesis, Todos los acontecimientos y noticias, mensajes y homil\u00edas del padre Obispo Gabriel Mestre, noticias del S\u00ednodo Diocesano y todos los decretos y disposiciones.<\/strong><\/p>\n<!-- \/wp:paragraph -->\n\n<!-- wp:file {\"id\":33649,\"href\":\"https:\/\/www.obispado-mdp.org.ar\/a\/wp-content\/uploads\/2021\/10\/NBD12-May-Ago-2021.pdf\"} -->\n<div class=\"wp-block-file\"><a href=\"https:\/\/www.obispado-mdp.org.ar\/a\/wp-content\/uploads\/2021\/10\/NBD12-May-Ago-2021.pdf\"> <strong>Nuevo Bolet\u00edn Diocesano N\u00b0<\/strong> <strong>12<\/strong> | May-Ago 2021<\/a><a href=\"https:\/\/www.obispado-mdp.org.ar\/a\/wp-content\/uploads\/2021\/10\/NBD12-May-Ago-2021.pdf\" class=\"wp-block-file__button\" download>Descarga<\/a><\/div>\n<!-- \/wp:file -->\n\n<!-- wp:separator {\"color\":\"very-light-gray\"} -->\n<hr class=\"wp-block-separator has-text-color has-background has-very-light-gray-background-color has-very-light-gray-color\"\/>\n<!-- \/wp:separator -->\n\n<!-- wp:file {\"id\":33648,\"href\":\"https:\/\/www.obispado-mdp.org.ar\/a\/wp-content\/uploads\/2021\/10\/NBD11-Ene-Abril-2021.pdf\"} -->\n<div class=\"wp-block-file\"><a href=\"https:\/\/www.obispado-mdp.org.ar\/a\/wp-content\/uploads\/2021\/10\/NBD11-Ene-Abril-2021.pdf\"> <strong>Nuevo Bolet\u00edn Diocesano N\u00b0<\/strong> <strong>11<\/strong> | Ene-Abril 2021<\/a><a href=\"https:\/\/www.obispado-mdp.org.ar\/a\/wp-content\/uploads\/2021\/10\/NBD11-Ene-Abril-2021.pdf\" class=\"wp-block-file__button\" download>Descarga<\/a><\/div>\n<!-- \/wp:file -->\n\n<!-- wp:separator {\"color\":\"very-light-gray\",\"className\":\"is-style-default\"} -->\n<hr class=\"wp-block-separator has-text-color has-background has-very-light-gray-background-color has-very-light-gray-color is-style-default\"\/>\n<!-- \/wp:separator -->\n\n<!-- wp:file {\"id\":33647,\"href\":\"https:\/\/www.obispado-mdp.org.ar\/a\/wp-content\/uploads\/2021\/10\/NBD10-Sept-Dic-2020.pdf\"} -->\n<div class=\"wp-block-file\"><a href=\"https:\/\/www.obispado-mdp.org.ar\/a\/wp-content\/uploads\/2021\/10\/NBD10-Sept-Dic-2020.pdf\"><strong>Nuevo Bolet\u00edn Diocesano N\u00b0<\/strong> <strong>10<\/strong> | Sept-Dic 2020<\/a><a href=\"https:\/\/www.obispado-mdp.org.ar\/a\/wp-content\/uploads\/2021\/10\/NBD10-Sept-Dic-2020.pdf\" class=\"wp-block-file__button\" download>Descarga<\/a><\/div>\n<!-- \/wp:file -->\n\n<!-- wp:separator {\"color\":\"very-light-gray\",\"className\":\"is-style-default\"} -->\n<hr class=\"wp-block-separator has-text-color has-background has-very-light-gray-background-color has-very-light-gray-color is-style-default\"\/>\n<!-- \/wp:separator -->\n\n<!-- wp:file {\"id\":33646,\"href\":\"https:\/\/www.obispado-mdp.org.ar\/a\/wp-content\/uploads\/2021\/10\/NBD9-May-Ago-2020.pdf\"} -->\n<div class=\"wp-block-file\"><a href=\"https:\/\/www.obispado-mdp.org.ar\/a\/wp-content\/uploads\/2021\/10\/NBD9-May-Ago-2020.pdf\"> <strong>Nuevo Bolet\u00edn Diocesano N\u00b0<\/strong> <strong>9 <\/strong>| May-Ago 2020<\/a><a href=\"https:\/\/www.obispado-mdp.org.ar\/a\/wp-content\/uploads\/2021\/10\/NBD9-May-Ago-2020.pdf\" class=\"wp-block-file__button\" download>Descarga<\/a><\/div>\n<!-- \/wp:file -->\n\n<!-- wp:separator {\"color\":\"very-light-gray\",\"className\":\"is-style-default\"} -->\n<hr class=\"wp-block-separator has-text-color has-background has-very-light-gray-background-color has-very-light-gray-color is-style-default\"\/>\n<!-- \/wp:separator -->\n\n<!-- wp:file {\"id\":33645,\"href\":\"https:\/\/www.obispado-mdp.org.ar\/a\/wp-content\/uploads\/2021\/10\/NBD8-Ene-Abril-2020.pdf\"} -->\n<div class=\"wp-block-file\"><a href=\"https:\/\/www.obispado-mdp.org.ar\/a\/wp-content\/uploads\/2021\/10\/NBD8-Ene-Abril-2020.pdf\"> <strong>Nuevo Bolet\u00edn Diocesano N\u00b0<\/strong> <strong>8<\/strong> | Ene-Abril 2020<\/a><a href=\"https:\/\/www.obispado-mdp.org.ar\/a\/wp-content\/uploads\/2021\/10\/NBD8-Ene-Abril-2020.pdf\" class=\"wp-block-file__button\" download>Descarga<\/a><\/div>\n<!-- \/wp:file -->\n\n<!-- wp:separator {\"color\":\"very-light-gray\"} -->\n<hr class=\"wp-block-separator has-text-color has-background has-very-light-gray-background-color has-very-light-gray-color\"\/>\n<!-- \/wp:separator -->\n\n<!-- wp:file {\"id\":33644,\"href\":\"https:\/\/www.obispado-mdp.org.ar\/a\/wp-content\/uploads\/2021\/10\/NBD7-Sept-Dic-2019.pdf\"} -->\n<div class=\"wp-block-file\"><a href=\"https:\/\/www.obispado-mdp.org.ar\/a\/wp-content\/uploads\/2021\/10\/NBD7-Sept-Dic-2019.pdf\"><strong> Nuevo Bolet\u00edn Diocesano N\u00b0<\/strong> <strong>7<\/strong>|  Sept-Dic 2019<\/a><a href=\"https:\/\/www.obispado-mdp.org.ar\/a\/wp-content\/uploads\/2021\/10\/NBD7-Sept-Dic-2019.pdf\" class=\"wp-block-file__button\" download>Descarga<\/a><\/div>\n<!-- \/wp:file -->\n\n<!-- wp:separator {\"color\":\"very-light-gray\"} -->\n<hr class=\"wp-block-separator has-text-color has-background has-very-light-gray-background-color has-very-light-gray-color\"\/>\n<!-- \/wp:separator -->\n\n<!-- wp:file {\"id\":33643,\"href\":\"https:\/\/www.obispado-mdp.org.ar\/a\/wp-content\/uploads\/2021\/10\/NBD-6-May-Ago-2019.pdf\"} -->\n<div class=\"wp-block-file\"><a href=\"https:\/\/www.obispado-mdp.org.ar\/a\/wp-content\/uploads\/2021\/10\/NBD-6-May-Ago-2019.pdf\"> <strong>Nuevo Bolet\u00edn Diocesano N\u00b0<\/strong> <strong>6<\/strong>|  May-Ago 2019<\/a><a href=\"https:\/\/www.obispado-mdp.org.ar\/a\/wp-content\/uploads\/2021\/10\/NBD-6-May-Ago-2019.pdf\" class=\"wp-block-file__button\" download>Descarga<\/a><\/div>\n<!-- \/wp:file -->\n\n<!-- wp:separator {\"color\":\"very-light-gray\"} -->\n<hr class=\"wp-block-separator has-text-color has-background has-very-light-gray-background-color has-very-light-gray-color\"\/>\n<!-- \/wp:separator -->\n\n<!-- wp:file {\"id\":33642,\"href\":\"https:\/\/www.obispado-mdp.org.ar\/a\/wp-content\/uploads\/2021\/10\/NBD-5-Ene-Abril-2019.pdf\"} -->\n<div class=\"wp-block-file\"><a href=\"https:\/\/www.obispado-mdp.org.ar\/a\/wp-content\/uploads\/2021\/10\/NBD-5-Ene-Abril-2019.pdf\"><strong>Nuevo Bolet\u00edn Diocesano N\u00b0 5<\/strong> | Ene-Abril 2019<\/a><a href=\"https:\/\/www.obispado-mdp.org.ar\/a\/wp-content\/uploads\/2021\/10\/NBD-5-Ene-Abril-2019.pdf\" class=\"wp-block-file__button\" download>Descarga<\/a><\/div>\n<!-- \/wp:file -->\n\n<!-- wp:separator {\"color\":\"very-light-gray\"} -->\n<hr class=\"wp-block-separator has-text-color has-background has-very-light-gray-background-color has-very-light-gray-color\"\/>\n<!-- \/wp:separator -->\n\n<!-- wp:file {\"id\":33641,\"href\":\"https:\/\/www.obispado-mdp.org.ar\/a\/wp-content\/uploads\/2021\/10\/NBD-4-Sep-Dic-2018.pdf\"} -->\n<div class=\"wp-block-file\"><a href=\"https:\/\/www.obispado-mdp.org.ar\/a\/wp-content\/uploads\/2021\/10\/NBD-4-Sep-Dic-2018.pdf\"> <strong>Nuevo Bolet\u00edn Diocesano N\u00b0<\/strong> <strong>4 <\/strong>| Sep-Dic 2018<\/a><a href=\"https:\/\/www.obispado-mdp.org.ar\/a\/wp-content\/uploads\/2021\/10\/NBD-4-Sep-Dic-2018.pdf\" class=\"wp-block-file__button\" download>Descarga<\/a><\/div>\n<!-- \/wp:file -->\n\n<!-- wp:separator {\"color\":\"very-light-gray\"} -->\n<hr class=\"wp-block-separator has-text-color has-background has-very-light-gray-background-color has-very-light-gray-color\"\/>\n<!-- \/wp:separator -->\n\n<!-- wp:file {\"id\":33640,\"href\":\"https:\/\/www.obispado-mdp.org.ar\/a\/wp-content\/uploads\/2021\/10\/NBD-3-Abr-Ago-2018.pdf\"} -->\n<div class=\"wp-block-file\"><a href=\"https:\/\/www.obispado-mdp.org.ar\/a\/wp-content\/uploads\/2021\/10\/NBD-3-Abr-Ago-2018.pdf\"> <strong>Nuevo Bolet\u00edn Diocesano N\u00b0<\/strong> <strong>3 <\/strong>| Abr-Ago 2018<\/a><a href=\"https:\/\/www.obispado-mdp.org.ar\/a\/wp-content\/uploads\/2021\/10\/NBD-3-Abr-Ago-2018.pdf\" class=\"wp-block-file__button\" download>Descarga<\/a><\/div>\n<!-- \/wp:file -->\n\n<!-- wp:separator {\"color\":\"very-light-gray\"} -->\n<hr class=\"wp-block-separator has-text-color has-background has-very-light-gray-background-color has-very-light-gray-color\"\/>\n<!-- \/wp:separator -->\n\n<!-- wp:file {\"id\":33639,\"href\":\"https:\/\/www.obispado-mdp.org.ar\/a\/wp-content\/uploads\/2021\/10\/NBD-2-Nov-Mzo-2018.pdf\"} -->\n<div class=\"wp-block-file\"><a href=\"https:\/\/www.obispado-mdp.org.ar\/a\/wp-content\/uploads\/2021\/10\/NBD-2-Nov-Mzo-2018.pdf\"><strong>Nuevo Bolet\u00edn Diocesano N\u00b0<\/strong> <strong>2<\/strong> | Nov-Mzo 2018<\/a><a href=\"https:\/\/www.obispado-mdp.org.ar\/a\/wp-content\/uploads\/2021\/10\/NBD-2-Nov-Mzo-2018.pdf\" class=\"wp-block-file__button\" download>Descarga<\/a><\/div>\n<!-- \/wp:file -->\n\n<!-- wp:separator {\"color\":\"very-light-gray\"} -->\n<hr class=\"wp-block-separator has-text-color has-background has-very-light-gray-background-color has-very-light-gray-color\"\/>\n<!-- \/wp:separator -->\n\n<!-- wp:file {\"id\":33638,\"href\":\"https:\/\/www.obispado-mdp.org.ar\/a\/wp-content\/uploads\/2021\/10\/NBD-1-Jul-Oct-2017.pdf\"} -->\n<div class=\"wp-block-file\"><a href=\"https:\/\/www.obispado-mdp.org.ar\/a\/wp-content\/uploads\/2021\/10\/NBD-1-Jul-Oct-2017.pdf\"><strong>Nuevo Bolet\u00edn Diocesano N\u00b0<\/strong> <strong>1 <\/strong>| Jul-Oct 2017<\/a><a href=\"https:\/\/www.obispado-mdp.org.ar\/a\/wp-content\/uploads\/2021\/10\/NBD-1-Jul-Oct-2017.pdf\" class=\"wp-block-file__button\" download>Descarga<\/a><\/div>\n<!-- \/wp:file -->\n\n<!-- wp:separator {\"color\":\"very-light-gray\"} -->\n<hr class=\"wp-block-separator has-text-color has-background has-very-light-gray-background-color has-very-light-gray-color\"\/>\n<!-- \/wp:separator -->\n\n<!-- wp:spacer {\"height\":59} -->\n<div style=\"height:59px\" aria-hidden=\"true\" class=\"wp-block-spacer\"><\/div>\n<!-- \/wp:spacer -->\n\n<!-- wp:paragraph -->\n<p><\/p>\n<!-- \/wp:paragraph -->","_et_gb_content_width":""},"aioseo_notices":[],"_links":{"self":[{"href":"https:\/\/www.obispado-mdp.org.ar\/a\/wp-json\/wp\/v2\/pages\/40212"}],"collection":[{"href":"https:\/\/www.obispado-mdp.org.ar\/a\/wp-json\/wp\/v2\/pages"}],"about":[{"href":"https:\/\/www.obispado-mdp.org.ar\/a\/wp-json\/wp\/v2\/types\/page"}],"author":[{"embeddable":true,"href":"https:\/\/www.obispado-mdp.org.ar\/a\/wp-json\/wp\/v2\/users\/1"}],"replies":[{"embeddable":true,"href":"https:\/\/www.obispado-mdp.org.ar\/a\/wp-json\/wp\/v2\/comments?post=40212"}],"version-history":[{"count":19,"href":"https:\/\/www.obispado-mdp.org.ar\/a\/wp-json\/wp\/v2\/pages\/40212\/revisions"}],"predecessor-version":[{"id":40327,"href":"https:\/\/www.obispado-mdp.org.ar\/a\/wp-json\/wp\/v2\/pages\/40212\/revisions\/40327"}],"wp:featuredmedia":[{"embeddable":true,"href":"https:\/\/www.obispado-mdp.org.ar\/a\/wp-json\/wp\/v2\/media\/33694"}],"wp:attachment":[{"href":"https:\/\/www.obispado-mdp.org.ar\/a\/wp-json\/wp\/v2\/media?parent=40212"}],"curies":[{"name":"wp","href":"https:\/\/api.w.org\/{rel}","templated":true}]}}