{"id":43846,"date":"2024-05-26T13:15:42","date_gmt":"2024-05-26T16:15:42","guid":{"rendered":"https:\/\/www.obispado-mdp.org.ar\/a\/?page_id=43846"},"modified":"2024-05-26T13:15:42","modified_gmt":"2024-05-26T16:15:42","slug":"el-25-de-mayo-monsenor-giobando-recordo-los-origenes-religiosos-de-nuestra-nacion","status":"publish","type":"page","link":"https:\/\/www.obispado-mdp.org.ar\/a\/el-25-de-mayo-monsenor-giobando-recordo-los-origenes-religiosos-de-nuestra-nacion\/","title":{"rendered":"El 25 de mayo, monse\u00f1or Giobando record\u00f3 los or\u00edgenes religiosos de nuestra Naci\u00f3n"},"content":{"rendered":"\n<p>Al participar junto al Intendente Municipal y las autoridades del distrito del acto oficial por el 214 aniversario de la Revoluci\u00f3n de Mayo en el Museo Jos\u00e9 Hern\u00e1ndez \u2013en Laguna de los Padres-, el administrador apost\u00f3lico de la di\u00f3cesis, monse\u00f1or Ernesto Giobando sj. tuvo a cargo una invocaci\u00f3n religiosa.<\/p>\n\n\n\n<p>En primer t\u00e9rmino evoc\u00f3 el recuerdo de los primeros evangelizadores de estas tierras ya que precisamente en ese lugar se encuentra la llamada \u201cReducci\u00f3n del Pilar\u201d, desde la cual los jesuitas Cardriel, Falkner, Strobel y Rej\u00f3n, desplegaron su acci\u00f3n evangelizadora hacia fines del siglo XVIII.<\/p>\n\n\n\n<p>Seguidamente, afirm\u00f3 que \u201cal recordar a aquellos h\u00e9roes de la Revoluci\u00f3n de Mayo descubrimos que nos dejaron una tarea: construir cada d\u00eda esta naci\u00f3n de hermanos y hermanas\u201d, y cit\u00f3 al Beato Eduardo Pironio, segundo obispo de la di\u00f3cesis de Mar del Plata:<\/p>\n\n\n\n<p><em>\u201cEl mundo actual est\u00e1 hambriento de los frutos del Esp\u00edritu: caridad, gozo y paz. Vive asqueado de su ego\u00edsmo, de su tristeza y de su agitaci\u00f3n. Reclama urgentemente un poco m\u00e1s de unidad, de alegr\u00eda y de serenidad. Un aut\u00e9ntico ap\u00f3stol de los tiempos modernos es el que sabe acercarse a su mundo para comunicar los preciosos frutos del Esp\u00edritu: darle la alegr\u00eda de la fe, la serenidad de la esperanza y la unidad del amor en Cristo. Darle la seguridad de que Dios est\u00e1 en medio de los hombres y preside sus destinos, hacerle sentir la eficaz presencia de Cristo en el coraz\u00f3n de su \u00e9poca. Llenarlo del optimismo de la victoria final por la fe\u00bb<\/em><\/p>\n\n\n\n<p><em>\u201c\u00a1C\u00f3mo cambiar\u00eda el mundo si los hombres nos convenci\u00e9ramos de veras de que estamos simplemente de paso y lo \u00fanico que vale es cumplir con nuestra misi\u00f3n concreta y amar sencillamente a nuestros hermanos! \u00a1C\u00f3mo se acabar\u00edan los ego\u00edsmos y las ambiciones, las envidias, los rencores y las guerras!\u201d.<\/em><\/p>\n\n\n\n<p>Teniendo detr\u00e1s el Museo Tradicionalista Jos\u00e9 Hern\u00e1ndez, el obispo comparti\u00f3 con los presentes un fragmento del Martin Fierro, y una reflexi\u00f3n que seg\u00fan cont\u00f3 lleg\u00f3 a sus manos por parte de Mar\u00eda del Rosario Pombo, en una reuni\u00f3n d\u00edas pasados.<\/p>\n\n\n\n<p>\u201cEs el pobre en su orfand\u00e1<\/p>\n\n\n\n<p>de la fortuna el desecho,<\/p>\n\n\n\n<p>porque naides toma a pecho<\/p>\n\n\n\n<p>el defender a su raza:<\/p>\n\n\n\n<p>debe el gaucho tener casa,<\/p>\n\n\n\n<p>escuela, iglesia y derechos\u201d<\/p>\n\n\n\n<p>Para referirse a esa estrofa, monse\u00f1or ley\u00f3 en la reflexi\u00f3n mencionada&nbsp; \u201csumados a los cuerpos de cazadores, Migueletes, Blandengues y H\u00fasares entre otros, fueron gauchos muchos de los que, con m\u00e1s voluntad que organizaci\u00f3n y disciplina, se opusieron con \u00e9xito a los aguerridos y profesionales batallones ingleses. Con G\u00fcemes sin la llamada \u201cGuerra Gaucha\u201d en el norte argentino, la guerra de la independencia no podr\u00eda haber sido ganada. Y as\u00ed fueron part\u00edcipes del nacimiento de la Patria, entre la rebeld\u00eda y la integraci\u00f3n, entre la fuga y la adaptaci\u00f3n. Pero siempre sostenidos por su fe, germen de la piedad popular nacional.\u201d<\/p>\n\n\n\n<p>Retomando el Martin Fierro, enfatiz\u00f3 la cita \u201cdebe el gaucho tener casa, escuela, Iglesia y derechos\u201d, y agreg\u00f3 \u201cel gaucho tiene y siempre ha tenido Iglesia. Propongamos este 25 de mayo trabajar todos juntos para que ese verso de Jos\u00e9 Hern\u00e1ndez se cumpla en su totalidad.\u201d<\/p>\n\n\n\n<p>Finalmente, al introducir la oraci\u00f3n por la Patria, en la que pidi\u00f3 la intercesi\u00f3n de la recientemente canonizada Santa Mama Antula, la primera santa argentina, record\u00f3 que \u201cfue el 11 de febrero de este a\u00f1o cuando el Papa Francisco nos regal\u00f3 a Santa Mama Antula, esa mujer que camin\u00f3 descalza nuestra querida tierra argentina. De ella se dice que fue la \u2018Madre espiritual de la patria\u2019, porque los que conformaron la Revoluci\u00f3n de Mayo, en su mayor\u00eda hicieron los ejercicios espirituales que ella propici\u00f3 con tanto fervor y sacrificio.\u201d<\/p>\n\n\n\n<p>\u201cQuerida Santa Mama Antula, Madre espiritual de nuestra Patria, inspiradora de fe y caridad, te pedimos que intercedas por nosotros. Ay\u00fadanos a seguir tu ejemplo de entrega y servicio a Dios y al pr\u00f3jimo.<\/p>\n\n\n\n<p>Que podamos vivir con la misma humildad y amor con los que vos recorriste nuestra tierra, llevando esperanza y consuelo a quienes m\u00e1s lo necesitaban.<\/p>\n\n\n\n<p>Fortalece nuestra fe en momentos de duda, gu\u00edanos hacia una vida de paz y solidaridad, y acomp\u00e1\u00f1anos en nuestro caminar, para que, como vos, seamos luz en el mundo. Am\u00e9n.\u201d<\/p>\n\n\n\n<figure class=\"wp-block-image size-large\"><img loading=\"lazy\" width=\"1024\" height=\"768\" src=\"https:\/\/www.obispado-mdp.org.ar\/a\/wp-content\/uploads\/2024\/05\/Imagen-de-WhatsApp-2024-05-25-a-las-11.41.50_469d8746-1024x768.jpg\" alt=\"\" class=\"wp-image-43847\"\/><\/figure>\n\n\n\n<figure class=\"wp-block-image size-large is-resized\"><img loading=\"lazy\" src=\"https:\/\/www.obispado-mdp.org.ar\/a\/wp-content\/uploads\/2024\/05\/Imagen-de-WhatsApp-2024-05-25-a-las-11.41.48_f7f1d831-768x1024.jpg\" alt=\"\" class=\"wp-image-43848\" width=\"822\" height=\"1096\"\/><\/figure>\n\n\n\n<figure class=\"wp-block-image size-large is-resized\"><img loading=\"lazy\" src=\"https:\/\/www.obispado-mdp.org.ar\/a\/wp-content\/uploads\/2024\/05\/Imagen-de-WhatsApp-2024-05-25-a-las-11.41.54_75a35eef-1024x768.jpg\" alt=\"\" class=\"wp-image-43849\" width=\"820\" height=\"614\"\/><\/figure>\n\n\n\n<figure class=\"wp-block-image size-large\"><img loading=\"lazy\" width=\"1024\" height=\"768\" src=\"https:\/\/www.obispado-mdp.org.ar\/a\/wp-content\/uploads\/2024\/05\/Imagen-de-WhatsApp-2024-05-25-a-las-11.41.54_4c288581-1024x768.jpg\" alt=\"\" class=\"wp-image-43850\"\/><\/figure>\n","protected":false},"excerpt":{"rendered":"<p>Al participar junto al Intendente Municipal y las autoridades del distrito del acto oficial por el 214 aniversario de la Revoluci\u00f3n de Mayo en el Museo Jos\u00e9 Hern\u00e1ndez \u2013en Laguna de los Padres-, el administrador apost\u00f3lico de la di\u00f3cesis, monse\u00f1or Ernesto Giobando sj. tuvo a cargo una invocaci\u00f3n religiosa. En primer t\u00e9rmino evoc\u00f3 el recuerdo [&hellip;]<\/p>\n","protected":false},"author":4,"featured_media":0,"parent":0,"menu_order":0,"comment_status":"closed","ping_status":"closed","template":"","meta":{"_et_pb_use_builder":"","_et_pb_old_content":"","_et_gb_content_width":""},"aioseo_notices":[],"_links":{"self":[{"href":"https:\/\/www.obispado-mdp.org.ar\/a\/wp-json\/wp\/v2\/pages\/43846"}],"collection":[{"href":"https:\/\/www.obispado-mdp.org.ar\/a\/wp-json\/wp\/v2\/pages"}],"about":[{"href":"https:\/\/www.obispado-mdp.org.ar\/a\/wp-json\/wp\/v2\/types\/page"}],"author":[{"embeddable":true,"href":"https:\/\/www.obispado-mdp.org.ar\/a\/wp-json\/wp\/v2\/users\/4"}],"replies":[{"embeddable":true,"href":"https:\/\/www.obispado-mdp.org.ar\/a\/wp-json\/wp\/v2\/comments?post=43846"}],"version-history":[{"count":1,"href":"https:\/\/www.obispado-mdp.org.ar\/a\/wp-json\/wp\/v2\/pages\/43846\/revisions"}],"predecessor-version":[{"id":43851,"href":"https:\/\/www.obispado-mdp.org.ar\/a\/wp-json\/wp\/v2\/pages\/43846\/revisions\/43851"}],"wp:attachment":[{"href":"https:\/\/www.obispado-mdp.org.ar\/a\/wp-json\/wp\/v2\/media?parent=43846"}],"curies":[{"name":"wp","href":"https:\/\/api.w.org\/{rel}","templated":true}]}}

El 25 de mayo, monseñor Giobando recordó los orígenes religiosos de nuestra Nación

<p>Al participar junto al Intendente Municipal y las autoridades del distrito del acto oficial por el 214 aniversario de la Revolución de Mayo en el Museo José Hernández –en Laguna de los Padres-, el administrador apostólico de la diócesis, monseñor Ernesto Giobando sj. tuvo a cargo una invocación religiosa.</p>



<p>En primer término evocó el recuerdo de los primeros evangelizadores de estas tierras ya que precisamente en ese lugar se encuentra la llamada “Reducción del Pilar”, desde la cual los jesuitas Cardriel, Falkner, Strobel y Rejón, desplegaron su acción evangelizadora hacia fines del siglo XVIII.</p>



<p>Seguidamente, afirmó que “al recordar a aquellos héroes de la Revolución de Mayo descubrimos que nos dejaron una tarea: construir cada día esta nación de hermanos y hermanas”, y citó al Beato Eduardo Pironio, segundo obispo de la diócesis de Mar del Plata:</p>



<p><em>“El mundo actual está hambriento de los frutos del Espíritu: caridad, gozo y paz. Vive asqueado de su egoísmo, de su tristeza y de su agitación. Reclama urgentemente un poco más de unidad, de alegría y de serenidad. Un auténtico apóstol de los tiempos modernos es el que sabe acercarse a su mundo para comunicar los preciosos frutos del Espíritu: darle la alegría de la fe, la serenidad de la esperanza y la unidad del amor en Cristo. Darle la seguridad de que Dios está en medio de los hombres y preside sus destinos, hacerle sentir la eficaz presencia de Cristo en el corazón de su época. Llenarlo del optimismo de la victoria final por la fe»</em></p>



<p><em>“¡Cómo cambiaría el mundo si los hombres nos convenciéramos de veras de que estamos simplemente de paso y lo único que vale es cumplir con nuestra misión concreta y amar sencillamente a nuestros hermanos! ¡Cómo se acabarían los egoísmos y las ambiciones, las envidias, los rencores y las guerras!”.</em></p>



<p>Teniendo detrás el Museo Tradicionalista José Hernández, el obispo compartió con los presentes un fragmento del Martin Fierro, y una reflexión que según contó llegó a sus manos por parte de María del Rosario Pombo, en una reunión días pasados.</p>



<p>“Es el pobre en su orfandá</p>



<p>de la fortuna el desecho,</p>



<p>porque naides toma a pecho</p>



<p>el defender a su raza:</p>



<p>debe el gaucho tener casa,</p>



<p>escuela, iglesia y derechos”</p>



<p>Para referirse a esa estrofa, monseñor leyó en la reflexión mencionada&nbsp; “sumados a los cuerpos de cazadores, Migueletes, Blandengues y Húsares entre otros, fueron gauchos muchos de los que, con más voluntad que organización y disciplina, se opusieron con éxito a los aguerridos y profesionales batallones ingleses. Con Güemes sin la llamada “Guerra Gaucha” en el norte argentino, la guerra de la independencia no podría haber sido ganada. Y así fueron partícipes del nacimiento de la Patria, entre la rebeldía y la integración, entre la fuga y la adaptación. Pero siempre sostenidos por su fe, germen de la piedad popular nacional.”</p>



<p>Retomando el Martin Fierro, enfatizó la cita “debe el gaucho tener casa, escuela, Iglesia y derechos”, y agregó “el gaucho tiene y siempre ha tenido Iglesia. Propongamos este 25 de mayo trabajar todos juntos para que ese verso de José Hernández se cumpla en su totalidad.”</p>



<p>Finalmente, al introducir la oración por la Patria, en la que pidió la intercesión de la recientemente canonizada Santa Mama Antula, la primera santa argentina, recordó que “fue el 11 de febrero de este año cuando el Papa Francisco nos regaló a Santa Mama Antula, esa mujer que caminó descalza nuestra querida tierra argentina. De ella se dice que fue la ‘Madre espiritual de la patria’, porque los que conformaron la Revolución de Mayo, en su mayoría hicieron los ejercicios espirituales que ella propició con tanto fervor y sacrificio.”</p>



<p>“Querida Santa Mama Antula, Madre espiritual de nuestra Patria, inspiradora de fe y caridad, te pedimos que intercedas por nosotros. Ayúdanos a seguir tu ejemplo de entrega y servicio a Dios y al prójimo.</p>



<p>Que podamos vivir con la misma humildad y amor con los que vos recorriste nuestra tierra, llevando esperanza y consuelo a quienes más lo necesitaban.</p>



<p>Fortalece nuestra fe en momentos de duda, guíanos hacia una vida de paz y solidaridad, y acompáñanos en nuestro caminar, para que, como vos, seamos luz en el mundo. Amén.”</p>



<figure class="wp-block-image size-large"><img loading="lazy" width="1024" height="768" src="https://www.obispado-mdp.org.ar/a/wp-content/uploads/2024/05/Imagen-de-WhatsApp-2024-05-25-a-las-11.41.50_469d8746-1024x768.jpg" alt="" class="wp-image-43847"/></figure>



<figure class="wp-block-image size-large is-resized"><img loading="lazy" src="https://www.obispado-mdp.org.ar/a/wp-content/uploads/2024/05/Imagen-de-WhatsApp-2024-05-25-a-las-11.41.48_f7f1d831-768x1024.jpg" alt="" class="wp-image-43848" width="822" height="1096"/></figure>



<figure class="wp-block-image size-large is-resized"><img loading="lazy" src="https://www.obispado-mdp.org.ar/a/wp-content/uploads/2024/05/Imagen-de-WhatsApp-2024-05-25-a-las-11.41.54_75a35eef-1024x768.jpg" alt="" class="wp-image-43849" width="820" height="614"/></figure>



<figure class="wp-block-image size-large"><img loading="lazy" width="1024" height="768" src="https://www.obispado-mdp.org.ar/a/wp-content/uploads/2024/05/Imagen-de-WhatsApp-2024-05-25-a-las-11.41.54_4c288581-1024x768.jpg" alt="" class="wp-image-43850"/></figure>

<p>Al participar junto al Intendente Municipal y las autoridades del distrito del acto oficial por el 214 aniversario de la Revolución de Mayo en el Museo José Hernández –en Laguna de los Padres-, el administrador apostólico de la diócesis, monseñor Ernesto Giobando sj. tuvo a cargo una invocación religiosa. En primer término evocó el recuerdo [&hellip;]</p>
