{"id":606,"date":"2020-02-21T10:12:14","date_gmt":"2020-02-21T13:12:14","guid":{"rendered":"http:\/\/www.obispado-mdp.org.ar\/a\/?page_id=606"},"modified":"2026-01-30T22:12:38","modified_gmt":"2026-01-31T01:12:38","slug":"servicio-sacerdotal-de-urgencia","status":"publish","type":"page","link":"https:\/\/www.obispado-mdp.org.ar\/a\/servicio-sacerdotal-de-urgencia\/","title":{"rendered":"Servicio Sacerdotal de Urgencia"},"content":{"rendered":"<p>[et_pb_section fb_built=\u00bb1&#8243; inner_shadow=\u00bbon\u00bb _builder_version=\u00bb3.22&#8243; background_color=\u00bb#0196ae\u00bb background_image=\u00bbhttps:\/\/obispado-mdp.org.ar\/a\/wp-content\/uploads\/2020\/02\/servicios.jpg\u00bb mix_blend_mode=\u00bbmultiply\u00bb top_divider_flip=\u00bbvertical\u00bb bottom_divider_style=\u00bbcurve\u00bb bottom_divider_color=\u00bb#0196ae\u00bb bottom_divider_height=\u00bb11px\u00bb bottom_divider_arrangement=\u00bbabove_content\u00bb saved_tabs=\u00bball\u00bb][et_pb_row _builder_version=\u00bb3.25&#8243;][et_pb_column type=\u00bb4_4&#8243; _builder_version=\u00bb3.25&#8243; custom_padding=\u00bb|||\u00bb custom_padding__hover=\u00bb|||\u00bb][et_pb_text _builder_version=\u00bb3.27.4&#8243; header_font=\u00bb|600|||||||\u00bb header_text_color=\u00bb#ffffff\u00bb header_line_height=\u00bb0.9em\u00bb header_text_shadow_style=\u00bbpreset3&#8243;]<\/p>\n<h1 style=\"text-align: center;\">Servicio<\/h1>\n<p>[\/et_pb_text][\/et_pb_column][\/et_pb_row][\/et_pb_section][et_pb_section fb_built=\u00bb1&#8243; _builder_version=\u00bb3.22&#8243;][et_pb_row column_structure=\u00bb3_4,1_4&#8243; admin_label=\u00bbText\u00bb module_class=\u00bb et_pb_row_fullwidth\u00bb _builder_version=\u00bb3.25&#8243; width=\u00bb89%\u00bb width_tablet=\u00bb80%\u00bb width_phone=\u00bb\u00bb width_last_edited=\u00bbon|desktop\u00bb max_width=\u00bb89%\u00bb max_width_tablet=\u00bb80%\u00bb max_width_phone=\u00bb\u00bb max_width_last_edited=\u00bbon|desktop\u00bb custom_padding=\u00bb|||24px|false|false\u00bb border_color_bottom=\u00bb#0196ae\u00bb border_color_left=\u00bb#0196ae\u00bb make_fullwidth=\u00bbon\u00bb saved_tabs=\u00bball\u00bb][et_pb_column type=\u00bb3_4&#8243; _builder_version=\u00bb3.25&#8243; custom_padding=\u00bb|||\u00bb parallax__hover=\u00bboff\u00bb parallax_method__hover=\u00bbon\u00bb custom_padding__hover=\u00bb|||\u00bb][et_pb_text admin_label=\u00bbText\u00bb _builder_version=\u00bb3.27.4&#8243; header_font=\u00bb|700|||||||\u00bb header_text_color=\u00bb#0196ae\u00bb border_width_bottom=\u00bb1px\u00bb border_color_bottom=\u00bb#0196ae\u00bb]<\/p>\n<h1>Servicio Sacerdotal de Urgencia<\/h1>\n<p>[\/et_pb_text][et_pb_text _builder_version=\u00bb3.27.4&#8243; header_font=\u00bb||||||||\u00bb header_text_color=\u00bb#0196ae\u00bb header_2_font=\u00bb||||||||\u00bb header_2_text_color=\u00bb#0196ae\u00bb header_3_font=\u00bb||||||||\u00bb header_3_text_color=\u00bb#0196ae\u00bb]<\/p>\n<p>Somos una instituci\u00f3n laica de la Iglesia Cat\u00f3lica, que se ocupa de llevar auxilio espiritual a los enfermos que lo soliciten, en el dolor de la enfermedad o en la proximidad de la muerte.<\/p>\n<p>Nuestro tiempo de trabajo es nocturno, para los casos de urgencia, y se presta de forma totalmente gratuita.<\/p>\n<p>Es Sacerdotal, puesto que su acci\u00f3n es acompa\u00f1ar y asistir al Sacerdote. Se realiza una actividad ministerial, que es el Sacramento de la Unci\u00f3n de los Enfermos sin la cual no tiene raz\u00f3n de ser, siendo la actividad claramente sacramental.<\/p>\n<p><strong>Este verdadero Servicio se constituye as\u00ed, como una garant\u00eda de atenci\u00f3n, Iglesia Nocturna, y como alivio y descanso de los sacerdotes, que turn\u00e1ndose noche a noche permiten el funcionamiento de esta instituci\u00f3n que brinda nuestra Di\u00f3cesis de Mar del Plata.<\/strong><\/p>\n<p>[\/et_pb_text][et_pb_text _builder_version=\u00bb4.4.8&#8243; text_font=\u00bb||||||||\u00bb text_line_height=\u00bb1.5em\u00bb locked=\u00bboff\u00bb]<\/p>\n<h3>DATOS DE CONTACTO<\/h3>\n<p style=\"text-align: left;\">Av. Juan B justo 5102 | Parroquia Ntra. Sra. del Huerto | MAR DEL PLATA<\/p>\n<p>HORARIO: de 20hs a 06hs.<\/p>\n<p><a class=\"whatsapp-movil\" href=\"whatsapp:\/\/send\/?phone=2236965499&amp;text=Quiero%20contactar%20el%20servicio%20sacerdotal%20de%20urgencia%20\"> Whatsapp =\u00a0<\/a><a class=\"whatsapp-movil\" href=\"whatsapp:\/\/send\/?phone=2236965499&amp;text=Quiero%20contactar%20el%20servicio%20sacerdotal%20de%20urgencia%20\">223-696-5499<\/a><\/p>\n<p style=\"text-align: left;\"><a href=\"mailto:s.s.u.mdp@hotmail.com\">s.s.u.mdp@hotmail.com<\/a><\/p>\n<p style=\"text-align: left;\"><a href=\"https:\/\/serviciosacerdotal3.wixsite.com\/ssumdp\">https:\/\/serviciosacerdotal3.wixsite.com\/ssumdpr<\/a><\/p>\n<p style=\"text-align: left;\"><a href=\"https:\/\/www.facebook.com\/ssumardelplata\/\">ssumardelplata<\/a><\/p>\n<p>[\/et_pb_text][et_pb_image src=\u00bbhttps:\/\/www.obispado-mdp.org.ar\/a\/wp-content\/uploads\/2025\/08\/SERVICIO-SACERDOTAL-final.jpg\u00bb _builder_version=\u00bb4.4.8&#8243; title_text=\u00bbSERVICIO SACERDOTAL-final\u00bb hover_enabled=\u00bb0&#8243; module_alignment=\u00bbcenter\u00bb][\/et_pb_image][\/et_pb_column][et_pb_column type=\u00bb1_4&#8243; _builder_version=\u00bb3.25&#8243; custom_padding=\u00bb|||\u00bb parallax__hover=\u00bboff\u00bb parallax_method__hover=\u00bbon\u00bb custom_padding__hover=\u00bb|||\u00bb][et_pb_text _builder_version=\u00bb3.27.4&#8243; text_font=\u00bb||||||||\u00bb header_font=\u00bb||||||||\u00bb header_text_color=\u00bb#0196ae\u00bb header_4_font=\u00bb||||||||\u00bb header_4_text_color=\u00bb#ffffff\u00bb background_color=\u00bb#0196ae\u00bb custom_margin=\u00bb0px|0px|0px|0px\u00bb custom_padding=\u00bb10px|10px|0px|20px\u00bb]<\/p>\n<h4><strong>SERVICIOS<\/strong><\/h4>\n<p>[\/et_pb_text][dsm_menu title_bottom_gap=\u00bb8px\u00bb menu_id=\u00bb57&#8243; list_style_color=\u00bb#0196ae\u00bb _builder_version=\u00bb4.4.8&#8243; header_font=\u00bbGeorgia|700|||on|on||#0196ae|dotted\u00bb header_text_color=\u00bb#0196ae\u00bb background_color=\u00bbrgba(1,150,174,0.05)\u00bb custom_margin=\u00bb-10px|-10px|-10px|-10px\u00bb custom_padding=\u00bb20px|10px|10px|20px\u00bb custom_padding_last_edited=\u00bboff|desktop\u00bb][\/dsm_menu][\/et_pb_column][\/et_pb_row][\/et_pb_section]<\/p>\n","protected":false},"excerpt":{"rendered":"<p>Somos una instituci\u00f3n laica de la Iglesia Cat\u00f3lica, que se ocupa de llevar auxilio espiritual a los enfermos que lo soliciten, en el dolor de la enfermedad o en la proximidad de la muerte.<\/p>\n","protected":false},"author":1,"featured_media":0,"parent":0,"menu_order":0,"comment_status":"closed","ping_status":"closed","template":"","meta":{"_et_pb_use_builder":"on","_et_pb_old_content":"<!-- wp:pullquote -->\n<figure class=\"wp-block-pullquote\"><blockquote><p>Somos una instituci\u00f3n laica de la Iglesia Cat\u00f3lica, que se ocupa de llevar auxilio espiritual a los enfermos que lo soliciten, en el dolor de la enfermedad o en la proximidad de la muerte.<\/p><\/blockquote><\/figure>\n<!-- \/wp:pullquote -->\n\n<!-- wp:paragraph -->\n<p>Nuestro tiempo de trabajo es nocturno,\npara los casos de urgencia, y se presta de forma totalmente gratuita.&nbsp;<br>\n<br>\nEs Sacerdotal, puesto que su acci\u00f3n es acompa\u00f1ar y asistir al Sacerdote. Se\nrealiza una actividad ministerial, que es el Sacramento de la Unci\u00f3n de los\nEnfermos sin la cual no tiene raz\u00f3n de ser, siendo la actividad claramente\nsacramental.&nbsp;<\/p>\n<!-- \/wp:paragraph -->\n\n<!-- wp:paragraph -->\n<p>Este verdadero Servicio se constituye\nas\u00ed, como una garant\u00eda de atenci\u00f3n, Iglesia Nocturna, y como alivio y descanso\nde los sacerdotes, que turn\u00e1ndose noche a noche permiten el funcionamiento de\nesta instituci\u00f3n que brinda nuestra Di\u00f3cesis de Mar del Plata.<\/p>\n<!-- \/wp:paragraph -->\n\n<!-- wp:core-embed\/facebook {\"url\":\"https:\/\/www.facebook.com\/ssumardelplata\/\",\"className\":\"\"} -->\n<figure class=\"wp-block-embed-facebook wp-block-embed\"><div class=\"wp-block-embed__wrapper\">\nhttps:\/\/www.facebook.com\/ssumardelplata\/\n<\/div><\/figure>\n<!-- \/wp:core-embed\/facebook -->\n\n<!-- wp:embed {\"url\":\"https:\/\/serviciosacerdotal3.wixsite.com\/ssumdp\"} -->\n<figure class=\"wp-block-embed\"><div class=\"wp-block-embed__wrapper\">\nhttps:\/\/serviciosacerdotal3.wixsite.com\/ssumdp\n<\/div><\/figure>\n<!-- \/wp:embed -->\n\n<!-- wp:paragraph -->\n<p><span class=\"dashicons dashicons-clock\"><\/span> Horarios de Atenci\u00f3n<\/p>\n<!-- \/wp:paragraph -->\n\n<!-- wp:paragraph -->\n<p>22:00 a 06:00 Hs.<\/p>\n<!-- \/wp:paragraph -->\n\n<!-- wp:paragraph -->\n<p>Todos los d\u00edas del a\u00f1o...<\/p>\n<!-- \/wp:paragraph -->\n\n<!-- wp:paragraph -->\n<p>tel\u00e9fono fijo: 223-495-9966 \u00f3 133<\/p>\n<!-- \/wp:paragraph -->\n\n<!-- wp:paragraph -->\n<p>WhatsApp : 223-696-5499<\/p>\n<!-- \/wp:paragraph -->","_et_gb_content_width":""},"aioseo_notices":[],"_links":{"self":[{"href":"https:\/\/www.obispado-mdp.org.ar\/a\/wp-json\/wp\/v2\/pages\/606"}],"collection":[{"href":"https:\/\/www.obispado-mdp.org.ar\/a\/wp-json\/wp\/v2\/pages"}],"about":[{"href":"https:\/\/www.obispado-mdp.org.ar\/a\/wp-json\/wp\/v2\/types\/page"}],"author":[{"embeddable":true,"href":"https:\/\/www.obispado-mdp.org.ar\/a\/wp-json\/wp\/v2\/users\/1"}],"replies":[{"embeddable":true,"href":"https:\/\/www.obispado-mdp.org.ar\/a\/wp-json\/wp\/v2\/comments?post=606"}],"version-history":[{"count":7,"href":"https:\/\/www.obispado-mdp.org.ar\/a\/wp-json\/wp\/v2\/pages\/606\/revisions"}],"predecessor-version":[{"id":48537,"href":"https:\/\/www.obispado-mdp.org.ar\/a\/wp-json\/wp\/v2\/pages\/606\/revisions\/48537"}],"wp:attachment":[{"href":"https:\/\/www.obispado-mdp.org.ar\/a\/wp-json\/wp\/v2\/media?parent=606"}],"curies":[{"name":"wp","href":"https:\/\/api.w.org\/{rel}","templated":true}]}}

<p>[et_pb_section fb_built=»1&#8243; inner_shadow=»on» _builder_version=»3.22&#8243; background_color=»#0196ae» background_image=»https://obispado-mdp.org.ar/a/wp-content/uploads/2020/02/servicios.jpg» mix_blend_mode=»multiply» top_divider_flip=»vertical» bottom_divider_style=»curve» bottom_divider_color=»#0196ae» bottom_divider_height=»11px» bottom_divider_arrangement=»above_content» saved_tabs=»all»][et_pb_row _builder_version=»3.25&#8243;][et_pb_column type=»4_4&#8243; _builder_version=»3.25&#8243; custom_padding=»|||» custom_padding__hover=»|||»][et_pb_text _builder_version=»3.27.4&#8243; header_font=»|600|||||||» header_text_color=»#ffffff» header_line_height=»0.9em» header_text_shadow_style=»preset3&#8243;]</p>
<h1 style="text-align: center;">Servicio</h1>
<p>[/et_pb_text][/et_pb_column][/et_pb_row][/et_pb_section][et_pb_section fb_built=»1&#8243; _builder_version=»3.22&#8243;][et_pb_row column_structure=»3_4,1_4&#8243; admin_label=»Text» module_class=» et_pb_row_fullwidth» _builder_version=»3.25&#8243; width=»89%» width_tablet=»80%» width_phone=»» width_last_edited=»on|desktop» max_width=»89%» max_width_tablet=»80%» max_width_phone=»» max_width_last_edited=»on|desktop» custom_padding=»|||24px|false|false» border_color_bottom=»#0196ae» border_color_left=»#0196ae» make_fullwidth=»on» saved_tabs=»all»][et_pb_column type=»3_4&#8243; _builder_version=»3.25&#8243; custom_padding=»|||» parallax__hover=»off» parallax_method__hover=»on» custom_padding__hover=»|||»][et_pb_text admin_label=»Text» _builder_version=»3.27.4&#8243; header_font=»|700|||||||» header_text_color=»#0196ae» border_width_bottom=»1px» border_color_bottom=»#0196ae»]</p>
<h1>Servicio Sacerdotal de Urgencia</h1>
<p>[/et_pb_text][et_pb_text _builder_version=»3.27.4&#8243; header_font=»||||||||» header_text_color=»#0196ae» header_2_font=»||||||||» header_2_text_color=»#0196ae» header_3_font=»||||||||» header_3_text_color=»#0196ae»]</p>
<p>Somos una institución laica de la Iglesia Católica, que se ocupa de llevar auxilio espiritual a los enfermos que lo soliciten, en el dolor de la enfermedad o en la proximidad de la muerte.</p>
<p>Nuestro tiempo de trabajo es nocturno, para los casos de urgencia, y se presta de forma totalmente gratuita.</p>
<p>Es Sacerdotal, puesto que su acción es acompañar y asistir al Sacerdote. Se realiza una actividad ministerial, que es el Sacramento de la Unción de los Enfermos sin la cual no tiene razón de ser, siendo la actividad claramente sacramental.</p>
<p><strong>Este verdadero Servicio se constituye así, como una garantía de atención, Iglesia Nocturna, y como alivio y descanso de los sacerdotes, que turnándose noche a noche permiten el funcionamiento de esta institución que brinda nuestra Diócesis de Mar del Plata.</strong></p>
<p>[/et_pb_text][et_pb_text _builder_version=»4.4.8&#8243; text_font=»||||||||» text_line_height=»1.5em» locked=»off»]</p>
<h3>DATOS DE CONTACTO</h3>
<p style="text-align: left;">Av. Juan B justo 5102 | Parroquia Ntra. Sra. del Huerto | MAR DEL PLATA</p>
<p>HORARIO: de 20hs a 06hs.</p>
<p><a class="whatsapp-movil" href="whatsapp://send/?phone=2236965499&amp;text=Quiero%20contactar%20el%20servicio%20sacerdotal%20de%20urgencia%20"> Whatsapp = </a><a class="whatsapp-movil" href="whatsapp://send/?phone=2236965499&amp;text=Quiero%20contactar%20el%20servicio%20sacerdotal%20de%20urgencia%20">223-696-5499</a></p>
<p style="text-align: left;"><a href="mailto:s.s.u.mdp@hotmail.com">s.s.u.mdp@hotmail.com</a></p>
<p style="text-align: left;"><a href="https://serviciosacerdotal3.wixsite.com/ssumdp">https://serviciosacerdotal3.wixsite.com/ssumdpr</a></p>
<p style="text-align: left;"><a href="https://www.facebook.com/ssumardelplata/">ssumardelplata</a></p>
<p>[/et_pb_text][et_pb_image src=»https://www.obispado-mdp.org.ar/a/wp-content/uploads/2025/08/SERVICIO-SACERDOTAL-final.jpg» _builder_version=»4.4.8&#8243; title_text=»SERVICIO SACERDOTAL-final» hover_enabled=»0&#8243; module_alignment=»center»][/et_pb_image][/et_pb_column][et_pb_column type=»1_4&#8243; _builder_version=»3.25&#8243; custom_padding=»|||» parallax__hover=»off» parallax_method__hover=»on» custom_padding__hover=»|||»][et_pb_text _builder_version=»3.27.4&#8243; text_font=»||||||||» header_font=»||||||||» header_text_color=»#0196ae» header_4_font=»||||||||» header_4_text_color=»#ffffff» background_color=»#0196ae» custom_margin=»0px|0px|0px|0px» custom_padding=»10px|10px|0px|20px»]</p>
<h4><strong>SERVICIOS</strong></h4>
<p>[/et_pb_text][dsm_menu title_bottom_gap=»8px» menu_id=»57&#8243; list_style_color=»#0196ae» _builder_version=»4.4.8&#8243; header_font=»Georgia|700|||on|on||#0196ae|dotted» header_text_color=»#0196ae» background_color=»rgba(1,150,174,0.05)» custom_margin=»-10px|-10px|-10px|-10px» custom_padding=»20px|10px|10px|20px» custom_padding_last_edited=»off|desktop»][/dsm_menu][/et_pb_column][/et_pb_row][/et_pb_section]</p>

<p>Somos una institución laica de la Iglesia Católica, que se ocupa de llevar auxilio espiritual a los enfermos que lo soliciten, en el dolor de la enfermedad o en la proximidad de la muerte.</p>

<!-- wp:pullquote -->
<figure class="wp-block-pullquote"><blockquote><p>Somos una institución laica de la Iglesia Católica, que se ocupa de llevar auxilio espiritual a los enfermos que lo soliciten, en el dolor de la enfermedad o en la proximidad de la muerte.</p></blockquote></figure>
<!-- /wp:pullquote -->

<!-- wp:paragraph -->
<p>Nuestro tiempo de trabajo es nocturno,
para los casos de urgencia, y se presta de forma totalmente gratuita.&nbsp;<br>
<br>
Es Sacerdotal, puesto que su acción es acompañar y asistir al Sacerdote. Se
realiza una actividad ministerial, que es el Sacramento de la Unción de los
Enfermos sin la cual no tiene razón de ser, siendo la actividad claramente
sacramental.&nbsp;</p>
<!-- /wp:paragraph -->

<!-- wp:paragraph -->
<p>Este verdadero Servicio se constituye
así, como una garantía de atención, Iglesia Nocturna, y como alivio y descanso
de los sacerdotes, que turnándose noche a noche permiten el funcionamiento de
esta institución que brinda nuestra Diócesis de Mar del Plata.</p>
<!-- /wp:paragraph -->

<!-- wp:core-embed/facebook {"url":"https://www.facebook.com/ssumardelplata/","className":""} -->
<figure class="wp-block-embed-facebook wp-block-embed"><div class="wp-block-embed__wrapper">
https://www.facebook.com/ssumardelplata/
</div></figure>
<!-- /wp:core-embed/facebook -->

<!-- wp:embed {"url":"https://serviciosacerdotal3.wixsite.com/ssumdp"} -->
<figure class="wp-block-embed"><div class="wp-block-embed__wrapper">
https://serviciosacerdotal3.wixsite.com/ssumdp
</div></figure>
<!-- /wp:embed -->

<!-- wp:paragraph -->
<p><span class="dashicons dashicons-clock"></span> Horarios de Atención</p>
<!-- /wp:paragraph -->

<!-- wp:paragraph -->
<p>22:00 a 06:00 Hs.</p>
<!-- /wp:paragraph -->

<!-- wp:paragraph -->
<p>Todos los días del año...</p>
<!-- /wp:paragraph -->

<!-- wp:paragraph -->
<p>teléfono fijo: 223-495-9966 ó 133</p>
<!-- /wp:paragraph -->

<!-- wp:paragraph -->
<p>WhatsApp : 223-696-5499</p>
<!-- /wp:paragraph -->
