{"id":96,"date":"2020-02-11T12:03:23","date_gmt":"2020-02-11T15:03:23","guid":{"rendered":"http:\/\/www.obispado-mdp.org.ar\/a\/?page_id=96"},"modified":"2025-10-21T16:18:38","modified_gmt":"2025-10-21T19:18:38","slug":"curia","status":"publish","type":"page","link":"https:\/\/www.obispado-mdp.org.ar\/a\/diocesis\/curia\/","title":{"rendered":"Curia"},"content":{"rendered":"<p>[et_pb_section fb_built=\u00bb1&#8243; _builder_version=\u00bb3.22&#8243;][et_pb_row _builder_version=\u00bb4.4.8&#8243; background_size=\u00bbinitial\u00bb background_position=\u00bbtop_left\u00bb background_repeat=\u00bbrepeat\u00bb][et_pb_column type=\u00bb4_4&#8243; _builder_version=\u00bb3.25&#8243; custom_padding=\u00bb|||\u00bb custom_padding__hover=\u00bb|||\u00bb][et_pb_text _builder_version=\u00bb4.4.8&#8243; background_size=\u00bbinitial\u00bb background_position=\u00bbtop_left\u00bb background_repeat=\u00bbrepeat\u00bb]<!-- divi:paragraph --><\/p>\n<p><b>Obispo Diocesano<br \/><\/b><span style=\"font-size: 13px;\">S.E.R Mons. Dr. Ernesto Giobando s.j.<\/span><\/p>\n<p><strong>Vicario General<br \/><\/strong><span style=\"font-size: 13px;\">Pbro. Hern\u00e1n David<\/span><\/p>\n<p><b>Canciller y Moderador de la Curia<\/b><span style=\"font-weight: 400;\"><br \/> <\/span><span style=\"font-weight: 400;\">Pbro. Lic. Ezequiel Kseim<\/span><span style=\"font-weight: 400;\"><br \/> <\/span><a href=\"mailto:cancilleria@iglesiamdp.org.ar\"><span style=\"font-weight: 400;\">cancilleria@iglesiamdp.org.ar<\/span><\/a><\/p>\n<p><b>Vicario Judicial<\/b><span style=\"font-weight: 400;\"><br \/> <\/span><span style=\"font-weight: 400;\">Pbro. Lic. Fabi\u00e1n Yanes<\/span><span style=\"font-weight: 400;\"><br \/> <\/span><span style=\"font-weight: 400;\"><a href=\"mailto:comisionjudicial@iglesiamdp.org.ar\">comisionjudicial@iglesiamdp.org.ar<\/a><\/span><\/p>\n<p><span style=\"font-weight: 400;\"><b>Vicario para Asuntos Econ\u00f3micos<br \/><\/b><\/span><span style=\"font-size: 13px;\">Pbro. Lic. Ariel Sueiro<\/span><\/p>\n<p><b style=\"font-size: 13px;\">Vicario de Educaci\u00f3n<br \/><\/b><span style=\"font-size: 13px;\">Pbro. Juan Cruz Mennilli<\/span><\/p>\n<p><b>Vicecanciller<br \/><\/b><span style=\"font-size: 13px;\">Pbro. Luciano Alzueta<\/span><\/p>\n<p><b>Ec\u00f3nomo<\/b><span style=\"font-weight: 400;\"><br \/> <\/span><span style=\"font-weight: 400;\">Sr. Federico A. V\u00e1zquez<\/span><span style=\"font-weight: 400;\"><br \/> <\/span><a href=\"mailto:economo@iglesiamdp.org.ar\"><span style=\"font-weight: 400;\">economo@iglesiamdp.org.ar<\/span><\/a><\/p>\n<p><b>Secretar\u00eda Privada<\/b><span style=\"font-weight: 400;\"><br \/> <\/span><span style=\"font-weight: 400;\">Srta. Marta R. Castagna o.v.c.<\/span><span style=\"font-weight: 400;\"><br \/> <\/span><a href=\"mailto:obispo@iglesiamdp.org.ar\"><span style=\"font-weight: 400;\">obispo@iglesiamdp.org.ar<\/span><\/a><\/p>\n<p><b>Comunicaciones<\/b><span style=\"font-weight: 400;\"><br \/> <\/span><span style=\"font-weight: 400;\">Oficina de Prensa y Comunicaci\u00f3n:<br \/><\/span><span style=\"font-size: 13px;\">Asesor: Pbro. Juan Cruz Mennilli<br \/><\/span><span style=\"font-size: 13px;\">Director: Juan Pablo Uriona<br \/><\/span><a href=\"mailto:prensa@iglesiamdp.org.ar\" style=\"font-size: 13px;\">prensa@iglesiamdp.org.ar<\/a><\/p>\n<p><b>Mesa de Entrada<\/b><span style=\"font-weight: 400;\"><br \/> <\/span><span style=\"font-weight: 400;\">Sra. Miriam Vargas<br \/><\/span><a href=\"mailto:mesadeentradas@iglesiamdp.org.ar\" style=\"font-size: 13px;\">mesadeentradas@iglesiamdp.org.ar<\/a><\/p>\n<p><b>Administraci\u00f3n<\/b><span style=\"font-weight: 400;\"><br \/> <\/span><span style=\"font-weight: 400;\">Srta. Mar\u00eda Laura Garc\u00eda<\/span><span style=\"font-weight: 400;\"><br \/> <\/span>Sra. Luc\u00eda Perez Di Blasi<\/p>\n<p><!-- \/divi:paragraph --> <!-- divi:paragraph --><\/p>\n<p><b>Colegio de Consultores<\/b><span style=\"font-weight: 400;\"><br \/> <\/span><span style=\"font-weight: 400;\"><strong>Presidente<\/strong>: Obispo diocesano<\/span><span style=\"font-weight: 400;\"><br \/> <\/span><b>Miembros:<br \/><\/b><span style=\"font-weight: 400;\">Pbro. Hern\u00e1n David<br \/> <\/span>Pbro. Lic. Fabi\u00e1n Eduardo Yanes<br \/>Pbro. Lic. Ariel Sueiro<br \/>Pbro. Juan Cruz Mennilli<br \/>Pbro. Lic. Ezequiel Kseim<br \/>Pbro. Luciano Alzueta<br \/> Pbro. Lic. Pablo Mar\u00eda Etchepareborda<br \/>Pbro. Miguel Cacciutto<br \/>Pbro. Jos\u00e9 Luis Pu\u00f1al<br \/>Pbro. Pablo Bosisio<\/p>\n<p>&nbsp;<\/p>\n<p><strong>Consejo Presbiteral<\/strong><br \/> Cesante<\/p>\n<p>Consejo de Asuntos Econ\u00f3micos<br \/> Presidente: Mons. Ernesto Giobando sj<\/p>\n<p>Miembros:<br \/> Pbro. Lic. Ezequiel Kseim<br \/> Gustavo Crego (Coordinador)<br \/> Pablo Federico Vittar Marteau (Vice-Coordinador)<br \/> Mar\u00eda Canzobre (Secretaria de actas)<br \/> Marcelo Eduardo Giromini<br \/> Dante Javier S\u00e1nchez<br \/> Guillermo Horacio Barrera<br \/> Consuelo Colombo<br \/> Nora Gabriela Demarchi<br \/> N\u00e9stor Lorenzo<br \/> Fernando Mumare<br \/> Roberto Benzo<\/p>\n<p><strong>Delegaciones Episcopales<\/strong><br \/> \u2013 Bienes Culturales: Mg. Arq. Anal\u00eda Ben\u00edtez<br \/> \u2013 Diaconado permanente y ministerios: Pbro. Fernando Mendoza<br \/> \u2013 Liturgia: Pbro. Ariel Sueiro<br \/> \u2013 Migraciones y Turismo: Pbro. Miguel Cacciutto<br \/> \u2013 Pastoral diocesana: Pbro. Lic. Pablo Etchepareborda<br \/> \u2013 Pastoral Familiar: Lic. Gabriela Tumini y Diac. Jorge Luis Carbone<br \/> \u2013 Pastoral Juvenil: Pbro. Lucas Di Leva<br \/> \u2013 Pastoral de la Salud: Pbro. Silvano De Sarro<br \/> \u2013 Pastoral Penitenciaria: Hermana Helena Kuc, SSpS<br \/> \u2013 Pastoral Social: Dr. Fernando Mumare<br \/> \u2013 Pastoral Vocacional: Sr. Gast\u00f3n Aguirrezabala<br \/> \u2013 Pastoral Universitaria: Pbro. Lucas Di Leva<br \/> \u2013 Secretariado para la Catequesis \u2013 Renovada: Sra. Mar\u00eda Victoria Cabral<br \/> \u2013 Secretariado para la Evangelizaci\u00f3n Renovada: Sr. Juan Manuel Canevello<br \/> \u2013 Rector de la Escuela Universitaria de Teolog\u00eda: Pbro. Dr. Luis D. Alb\u00f3niga<br \/> \u2013 Asesor de los Encuentros de Evangelizaci\u00f3n Cura Brochero: Pbro. Lic. Fabi\u00e1n E. Yanes<\/p>\n<p>[\/et_pb_text][\/et_pb_column][\/et_pb_row][\/et_pb_section]<\/p>\n","protected":false},"excerpt":{"rendered":"<p>[et_pb_section fb_built=\u00bb1&#8243; _builder_version=\u00bb3.22&#8243;][et_pb_row _builder_version=\u00bb4.4.8&#8243; background_size=\u00bbinitial\u00bb background_position=\u00bbtop_left\u00bb background_repeat=\u00bbrepeat\u00bb][et_pb_column type=\u00bb4_4&#8243; _builder_version=\u00bb3.25&#8243; custom_padding=\u00bb|||\u00bb custom_padding__hover=\u00bb|||\u00bb][et_pb_text _builder_version=\u00bb4.4.8&#8243; background_size=\u00bbinitial\u00bb background_position=\u00bbtop_left\u00bb background_repeat=\u00bbrepeat\u00bb] Obispo DiocesanoS.E.R Mons. Dr. Ernesto Giobando s.j. Vicario GeneralPbro. Hern\u00e1n David Canciller y Moderador de la Curia Pbro. Lic. Ezequiel Kseim cancilleria@iglesiamdp.org.ar Vicario Judicial Pbro. Lic. Fabi\u00e1n Yanes comisionjudicial@iglesiamdp.org.ar Vicario para Asuntos Econ\u00f3micosPbro. Lic. Ariel Sueiro Vicario de Educaci\u00f3nPbro. Juan [&hellip;]<\/p>\n","protected":false},"author":1,"featured_media":0,"parent":62,"menu_order":0,"comment_status":"closed","ping_status":"closed","template":"","meta":{"_et_pb_use_builder":"on","_et_pb_old_content":"<!-- wp:paragraph -->\n<p><strong>Obispo Diocesano<\/strong><br>  S.E.R. Monse\u00f1or Gabriel Antonio Mestre <br> <a href=\"mailto:obispo@iglesiamdp.org.ar\">obispo@iglesiamdp.org.ar<\/a>  <br><\/p>\n<!-- \/wp:paragraph -->\n\n<!-- wp:paragraph -->\n<p> <strong>Obispo Auxiliar<\/strong> <br> Mons. Fray Dar\u00edo Rub\u00e9n Quintana <br><a href=\"mailto:obispoauxiliar@iglesiamdp.org.ar\">obispoauxiliar@iglesiamdp.org.ar<\/a><\/p>\n<!-- \/wp:paragraph -->\n\n<!-- wp:paragraph -->\n<p><strong>Vicario General<\/strong><br>Pbro. Dr. Luis Dami\u00e1n Alb\u00f3niga<br> <a href=\"mailto:vicariogeneral@iglesiamdp.org.ar\">vicariogeneral@iglesiamdp.org.ar<\/a>         <\/p>\n<!-- \/wp:paragraph -->\n\n<!-- wp:paragraph -->\n<p><strong>Canciller <\/strong><br> Pbro. Lic. Ezequiel Kseim<br>  <a href=\"mailto:cancilleria@iglesiamdp.org.ar\">cancilleria@iglesiamdp.org.ar<\/a><\/p>\n<!-- \/wp:paragraph -->\n\n<!-- wp:paragraph -->\n<p>  <strong>Vicario Judicial<\/strong><br>  Pbro. Lic. Fabi\u00e1n Yanes<br>   <a href=\"mailto:comisionjudicial@iglesiamdp.org.ar\">comisionjudicial@iglesiamdp.org.ar<\/a><\/p>\n<!-- \/wp:paragraph -->\n\n<!-- wp:paragraph -->\n<p>  <strong>Delegado episcopal para asuntos econ\u00f3micos<\/strong><br>  Pbro. Silvano M. de Sarro<br>   <a href=\"mailto:sdesarro@iglesiamdp.org.ar\">sdesarro@iglesiamdp.org.ar<\/a><\/p>\n<!-- \/wp:paragraph -->\n\n<!-- wp:paragraph -->\n<p> <strong>Ec\u00f3nomo<\/strong><br> Sr. Federico A. V\u00e1zquez <br> <a href=\"mailto:economo@iglesiamdp.org.ar\">economo@iglesiamdp.org.ar<\/a><\/p>\n<!-- \/wp:paragraph -->\n\n<!-- wp:paragraph -->\n<p><strong>Secretar\u00eda Privada<\/strong><br>Srta. Marta R. Castagna o.c.v<br><a href=\"mailto:obispo@iglesiamdp.org.ar\">obispo@iglesiamdp.org.ar<\/a><\/p>\n<!-- \/wp:paragraph -->\n\n<!-- wp:paragraph -->\n<p><strong>Comunicaciones<\/strong><br>Vocero del obispado: Pbro. Dr. Luis D. Alb\u00f3niga <br>Delegado episcopal para las comunicaciones del obispado: Lic. Adri\u00e1n Nelso Lomello \/ <a href=\"mailto:prensa@iglesiamdp.org.ar\">prensa@iglesiamdp.org.ar<\/a><br>Asesor del equipo ejecutivo de comunicaciones: Pbro. Tom\u00e1s de la Riva \/  <a href=\"mailto:tomasdelariva@iglesiamdp.org.ar\">tomasdelariva@iglesiamdp.org.ar<\/a> <\/p>\n<!-- \/wp:paragraph -->\n\n<!-- wp:paragraph -->\n<p><strong>Mesa de Entrada<\/strong><br>Sra. Miriam Vargas \/ <a href=\"mailto:mesadeentradas@iglesiamdp.org.ar\">mesadeentradas@iglesiamdp.org.ar<\/a><\/p>\n<!-- \/wp:paragraph -->\n\n<!-- wp:paragraph -->\n<p><strong>Administraci\u00f3n<\/strong><br>Srta. Mar\u00eda Laura Garc\u00eda<br>Sr. Antonio  Degl'Innocenti <\/p>\n<!-- \/wp:paragraph -->\n\n<!-- wp:paragraph -->\n<p><strong>Colegio de Consultores<\/strong><br>Presidente: S.E.R. Monse\u00f1or Gabriel Antonio Mestre <br><br><strong>Miembros: <\/strong><br>Pbro. Luis Dami\u00e1n Alb\u00f3niga<br>Pbro. Fabi\u00e1n Eduardo Yanes       <br>Pbro. Pablo Mar\u00eda Etchepareborda <br>Pbro. Fernando Miguel Mendoza <br>Pbro. F\u00e9lix Alejandro Mart\u00ednez<br>Pbro. Ezequiel Eduardo Kseim <br>Pbro. Jaime Ariel Sueiro<br>Pbro. Silvano Mat\u00edas De Sarro <br>Pbro. Hern\u00e1n \u00c1ngel David        <\/p>\n<!-- \/wp:paragraph -->\n\n<!-- wp:paragraph -->\n<p><strong>Consejo Presbiteral<\/strong><br><strong>Presidente<\/strong>: S.E.R. Monse\u00f1or Gabriel Antonio Mestre<br> <strong>Miembros<\/strong><br> Pbro. Luis Dami\u00e1n ALBONIGA<br> Pbro. Silvano Mat\u00edas DE SARRO<br> Pbro. Ram\u00f3n Alberto ABELDA\u00d1O<br> Pbro. Pablo Mar\u00eda ETCHEPAREBORDA<br> Pbro. Marcelo Gabriel PANEBIANCO<br> Pbro. Jaime Ariel SUEIRO<br> Pbro. Hugo Sebasti\u00e1n VERCELLONE<br> Pbro. Hern\u00e1n G\u00d3MEZ SYEZ<br> Pbro. Hern\u00e1n \u00c1ngel DAVID<br> Pbro. Fernando Miguel MENDOZA<br> Pbro. F\u00e9lix Alejandro MART\u00cdNEZ<br> Pbro. Fabi\u00e1n Eduardo YANES<br> Pbro. Ezequiel Eduardo KSEIM<br> Fr. Gustavo S\u00c1NCHEZ (O.P.) <\/p>\n<!-- \/wp:paragraph -->\n\n<!-- wp:paragraph -->\n<p><strong>Consejo de Asuntos Econ\u00f3micos<\/strong><br><strong>Presidente: <\/strong>S.E.R. Monse\u00f1or Gabriel Mestre<br><strong>Miembros: <\/strong><br>Gustavo Crego (Coordinador)<br>Pablo Federico Vittar Marteau (Vice-Coordinador)<br>Mar\u00eda Canzobre (Secretaria de actas)<br>Marcelo Eduardo Giromini <br>M\u00f3nica Andrea Aguerrido <br>Dante Javier S\u00e1nchez <br>Guillermo Horacio Barrera<br>Consuelo Colombo<br>Nora Gabriela Demarchi <br>N\u00e9stor Lorenzo <br>Fernando Mumare <br>Marcelo Abal <br>Roberto Benzo <br>Pbro Dr. Luis Dami\u00e1n Alb\u00f3niga <br>Pbro. Silvano Mat\u00edas De Sarro<\/p>\n<!-- \/wp:paragraph -->\n\n<!-- wp:paragraph -->\n<p><\/p>\n<!-- \/wp:paragraph -->\n\n<!-- wp:paragraph -->\n<p><strong>Delegaciones Episcopales<\/strong><br>Asuntos Econ\u00f3micos: Pbro. Silvano de Sarro<br>Comunicaci\u00f3n Social: Lic. Adri\u00e1n Nelso Lomello<br>Diaconado permanente y ministerios: Pbro. Lic. Ezequiel Kseim<br>Liturgia: Pbro. Ariel Sueiro<br>Migraciones y Turismo: Pbro. Miguel Cacciutto<br>Misiones: Sr. Juan Manuel Canevello<br>Pastoral diocesana: Pbro. Lic. Pablo Etchepareborda<br>Pastoral Familiar: Lic. Nora Pompa<br>Pastoral Juvenil: Pbro. Ra\u00fal Agust\u00edn Escud\u00e9 <br>Pastoral Penitenciaria: Hermana Helena Kuc, SSpS<br>Pastoral Social: Dr. Fernando Mumare<br>Seminaristas: Pbro. Dr. Luis Alb\u00f3niga <\/p>\n<!-- \/wp:paragraph -->\n\n<!-- wp:paragraph -->\n<p>Director del Secretariado Diocesano de Catequesis: Pbro. Fernando Mendoza<br>Asesor del Secretariado de Pastoral Familiar: Pbro. Walter Pereyra<br>Presidente del Centro Diocesano de Estudio y Reflexi\u00f3n y Rector de la Escuela Universitaria de Teolog\u00eda: Pbro. Dr. Luis Alb\u00f3niga<br>Asesor diocesano de la COBIDI: Di\u00e1cono Marcelo Lovera<br>Asesor de los Encuentros de Evangelizaci\u00f3n Cura Brochero: Pbro. Lic. Fabi\u00e1n E. Yanes <\/p>\n<!-- \/wp:paragraph -->","_et_gb_content_width":""},"aioseo_notices":[],"_links":{"self":[{"href":"https:\/\/www.obispado-mdp.org.ar\/a\/wp-json\/wp\/v2\/pages\/96"}],"collection":[{"href":"https:\/\/www.obispado-mdp.org.ar\/a\/wp-json\/wp\/v2\/pages"}],"about":[{"href":"https:\/\/www.obispado-mdp.org.ar\/a\/wp-json\/wp\/v2\/types\/page"}],"author":[{"embeddable":true,"href":"https:\/\/www.obispado-mdp.org.ar\/a\/wp-json\/wp\/v2\/users\/1"}],"replies":[{"embeddable":true,"href":"https:\/\/www.obispado-mdp.org.ar\/a\/wp-json\/wp\/v2\/comments?post=96"}],"version-history":[{"count":47,"href":"https:\/\/www.obispado-mdp.org.ar\/a\/wp-json\/wp\/v2\/pages\/96\/revisions"}],"predecessor-version":[{"id":47801,"href":"https:\/\/www.obispado-mdp.org.ar\/a\/wp-json\/wp\/v2\/pages\/96\/revisions\/47801"}],"up":[{"embeddable":true,"href":"https:\/\/www.obispado-mdp.org.ar\/a\/wp-json\/wp\/v2\/pages\/62"}],"wp:attachment":[{"href":"https:\/\/www.obispado-mdp.org.ar\/a\/wp-json\/wp\/v2\/media?parent=96"}],"curies":[{"name":"wp","href":"https:\/\/api.w.org\/{rel}","templated":true}]}}